{"id":2579,"date":"2025-05-06T10:26:33","date_gmt":"2025-05-06T10:26:33","guid":{"rendered":"https:\/\/loulecriativo.pt\/?post_type=lc_workshop&#038;p=2579"},"modified":"2026-03-20T13:08:08","modified_gmt":"2026-03-20T13:08:08","slug":"oficina-do-barro","status":"publish","type":"lc_workshop","link":"https:\/\/loulecriativo.pt\/en\/rede-de-oficinas\/oficina-do-barro\/","title":{"rendered":"The Clay Studio"},"content":{"rendered":"\n<p>The Clay Studio is located in Martim Moniz Street, in the historic city center of Loul\u00e9, in the building where in the past was the ancient and recovered pottery of Jos\u00e9 Jo\u00e3o Velhote.<\/p>\n\n<p>Next to the medieval walls, nowadays work two places that fit together and complement each other. In one of them, Domingos Gon\u00e7alves &#8220;Xavier&#8221; who was the potter until the building went into ruins, is back shaping and demonstrating how to work the clay, as well as selling its typical chimneys of the Algarve. On the other side, and in the course of the project Loul\u00e9 Criativo, others potters are hosted for an incubation period to experiment and consolidate their activity.  <\/p>\n\n<p>The workshop hosts training for professionals in the sector and simultaneously the activity approach for students of schools and other audiences.<\/p>\n","protected":false},"excerpt":{"rendered":"<p>It is located in the historic center of the city of Loul\u00e9, in the restored building where the centenary pottery of Jos\u00e9 Jo\u00e3o Velhote once operated.<\/p>\n","protected":false},"featured_media":5910,"template":"","meta":{"_acf_changed":false,"name":"Rua Martim Moniz, nr. 43 and 45, 8100-606 Loul\u00e9"},"class_list":["post-2579","lc_workshop","type-lc_workshop","status-publish","has-post-thumbnail","hentry"],"acf":[],"yoast_head":"<!-- This site is optimized with the Yoast SEO Premium plugin v25.9 (Yoast SEO v26.5) - https:\/\/yoast.com\/wordpress\/plugins\/seo\/ -->\n<title>The Clay Studio - Loul\u00e9 Criativo<\/title>\n<meta name=\"robots\" content=\"index, follow, max-snippet:-1, max-image-preview:large, max-video-preview:-1\" \/>\n<link rel=\"canonical\" href=\"https:\/\/loulecriativo.pt\/en\/rede-de-oficinas\/oficina-do-barro\/\" \/>\n<meta property=\"og:locale\" content=\"en_US\" \/>\n<meta property=\"og:type\" content=\"article\" \/>\n<meta property=\"og:title\" content=\"The Clay Studio\" \/>\n<meta property=\"og:description\" content=\"It is located in the historic center of the city of Loul\u00e9, in the restored building where the centenary pottery of Jos\u00e9 Jo\u00e3o Velhote once operated.\" \/>\n<meta property=\"og:url\" content=\"https:\/\/loulecriativo.pt\/en\/rede-de-oficinas\/oficina-do-barro\/\" \/>\n<meta property=\"og:site_name\" content=\"Loul\u00e9 Criativo\" \/>\n<meta property=\"article:modified_time\" content=\"2026-03-20T13:08:08+00:00\" \/>\n<meta property=\"og:image\" content=\"https:\/\/loulecriativo.pt\/wp-content\/uploads\/2025\/05\/Loule-Criativo-003-scaled.jpg\" \/>\n\t<meta property=\"og:image:width\" content=\"2560\" \/>\n\t<meta property=\"og:image:height\" content=\"1707\" \/>\n\t<meta property=\"og:image:type\" content=\"image\/jpeg\" \/>\n<meta name=\"twitter:card\" content=\"summary_large_image\" \/>\n<meta name=\"twitter:label1\" content=\"Est. reading time\" \/>\n\t<meta name=\"twitter:data1\" content=\"1 minute\" \/>\n<script type=\"application\/ld+json\" class=\"yoast-schema-graph\">{\"@context\":\"https:\/\/schema.org\",\"@graph\":[{\"@type\":\"WebPage\",\"@id\":\"https:\/\/loulecriativo.pt\/en\/rede-de-oficinas\/oficina-do-barro\/\",\"url\":\"https:\/\/loulecriativo.pt\/en\/rede-de-oficinas\/oficina-do-barro\/\",\"name\":\"The Clay Studio - Loul\u00e9 Criativo\",\"isPartOf\":{\"@id\":\"https:\/\/loulecriativo.pt\/en\/#website\"},\"primaryImageOfPage\":{\"@id\":\"https:\/\/loulecriativo.pt\/en\/rede-de-oficinas\/oficina-do-barro\/#primaryimage\"},\"image\":{\"@id\":\"https:\/\/loulecriativo.pt\/en\/rede-de-oficinas\/oficina-do-barro\/#primaryimage\"},\"thumbnailUrl\":\"https:\/\/loulecriativo.pt\/wp-content\/uploads\/2025\/05\/Loule-Criativo-003-scaled.jpg\",\"datePublished\":\"2025-05-06T10:26:33+00:00\",\"dateModified\":\"2026-03-20T13:08:08+00:00\",\"breadcrumb\":{\"@id\":\"https:\/\/loulecriativo.pt\/en\/rede-de-oficinas\/oficina-do-barro\/#breadcrumb\"},\"inLanguage\":\"en-US\",\"potentialAction\":[{\"@type\":\"ReadAction\",\"target\":[\"https:\/\/loulecriativo.pt\/en\/rede-de-oficinas\/oficina-do-barro\/\"]}]},{\"@type\":\"ImageObject\",\"inLanguage\":\"en-US\",\"@id\":\"https:\/\/loulecriativo.pt\/en\/rede-de-oficinas\/oficina-do-barro\/#primaryimage\",\"url\":\"https:\/\/loulecriativo.pt\/wp-content\/uploads\/2025\/05\/Loule-Criativo-003-scaled.jpg\",\"contentUrl\":\"https:\/\/loulecriativo.pt\/wp-content\/uploads\/2025\/05\/Loule-Criativo-003-scaled.jpg\",\"width\":2560,\"height\":1707},{\"@type\":\"BreadcrumbList\",\"@id\":\"https:\/\/loulecriativo.pt\/en\/rede-de-oficinas\/oficina-do-barro\/#breadcrumb\",\"itemListElement\":[{\"@type\":\"ListItem\",\"position\":1,\"name\":\"Home\",\"item\":\"https:\/\/loulecriativo.pt\/en\/\"},{\"@type\":\"ListItem\",\"position\":2,\"name\":\"The Clay Studio\"}]},{\"@type\":\"WebSite\",\"@id\":\"https:\/\/loulecriativo.pt\/en\/#website\",\"url\":\"https:\/\/loulecriativo.pt\/en\/\",\"name\":\"Loul\u00e9 Criativo\",\"description\":\"\",\"potentialAction\":[{\"@type\":\"SearchAction\",\"target\":{\"@type\":\"EntryPoint\",\"urlTemplate\":\"https:\/\/loulecriativo.pt\/en\/?s={search_term_string}\"},\"query-input\":{\"@type\":\"PropertyValueSpecification\",\"valueRequired\":true,\"valueName\":\"search_term_string\"}}],\"inLanguage\":\"en-US\"}]}<\/script>\n<!-- \/ Yoast SEO Premium plugin. -->","yoast_head_json":{"title":"The Clay Studio - Loul\u00e9 Criativo","robots":{"index":"index","follow":"follow","max-snippet":"max-snippet:-1","max-image-preview":"max-image-preview:large","max-video-preview":"max-video-preview:-1"},"canonical":"https:\/\/loulecriativo.pt\/en\/rede-de-oficinas\/oficina-do-barro\/","og_locale":"en_US","og_type":"article","og_title":"The Clay Studio","og_description":"It is located in the historic center of the city of Loul\u00e9, in the restored building where the centenary pottery of Jos\u00e9 Jo\u00e3o Velhote once operated.","og_url":"https:\/\/loulecriativo.pt\/en\/rede-de-oficinas\/oficina-do-barro\/","og_site_name":"Loul\u00e9 Criativo","article_modified_time":"2026-03-20T13:08:08+00:00","og_image":[{"width":2560,"height":1707,"url":"https:\/\/loulecriativo.pt\/wp-content\/uploads\/2025\/05\/Loule-Criativo-003-scaled.jpg","type":"image\/jpeg"}],"twitter_card":"summary_large_image","twitter_misc":{"Est. reading time":"1 minute"},"schema":{"@context":"https:\/\/schema.org","@graph":[{"@type":"WebPage","@id":"https:\/\/loulecriativo.pt\/en\/rede-de-oficinas\/oficina-do-barro\/","url":"https:\/\/loulecriativo.pt\/en\/rede-de-oficinas\/oficina-do-barro\/","name":"The Clay Studio - Loul\u00e9 Criativo","isPartOf":{"@id":"https:\/\/loulecriativo.pt\/en\/#website"},"primaryImageOfPage":{"@id":"https:\/\/loulecriativo.pt\/en\/rede-de-oficinas\/oficina-do-barro\/#primaryimage"},"image":{"@id":"https:\/\/loulecriativo.pt\/en\/rede-de-oficinas\/oficina-do-barro\/#primaryimage"},"thumbnailUrl":"https:\/\/loulecriativo.pt\/wp-content\/uploads\/2025\/05\/Loule-Criativo-003-scaled.jpg","datePublished":"2025-05-06T10:26:33+00:00","dateModified":"2026-03-20T13:08:08+00:00","breadcrumb":{"@id":"https:\/\/loulecriativo.pt\/en\/rede-de-oficinas\/oficina-do-barro\/#breadcrumb"},"inLanguage":"en-US","potentialAction":[{"@type":"ReadAction","target":["https:\/\/loulecriativo.pt\/en\/rede-de-oficinas\/oficina-do-barro\/"]}]},{"@type":"ImageObject","inLanguage":"en-US","@id":"https:\/\/loulecriativo.pt\/en\/rede-de-oficinas\/oficina-do-barro\/#primaryimage","url":"https:\/\/loulecriativo.pt\/wp-content\/uploads\/2025\/05\/Loule-Criativo-003-scaled.jpg","contentUrl":"https:\/\/loulecriativo.pt\/wp-content\/uploads\/2025\/05\/Loule-Criativo-003-scaled.jpg","width":2560,"height":1707},{"@type":"BreadcrumbList","@id":"https:\/\/loulecriativo.pt\/en\/rede-de-oficinas\/oficina-do-barro\/#breadcrumb","itemListElement":[{"@type":"ListItem","position":1,"name":"Home","item":"https:\/\/loulecriativo.pt\/en\/"},{"@type":"ListItem","position":2,"name":"The Clay Studio"}]},{"@type":"WebSite","@id":"https:\/\/loulecriativo.pt\/en\/#website","url":"https:\/\/loulecriativo.pt\/en\/","name":"Loul\u00e9 Criativo","description":"","potentialAction":[{"@type":"SearchAction","target":{"@type":"EntryPoint","urlTemplate":"https:\/\/loulecriativo.pt\/en\/?s={search_term_string}"},"query-input":{"@type":"PropertyValueSpecification","valueRequired":true,"valueName":"search_term_string"}}],"inLanguage":"en-US"}]}},"_links":{"self":[{"href":"https:\/\/loulecriativo.pt\/en\/wp-json\/wp\/v2\/lc_workshop\/2579","targetHints":{"allow":["GET"]}}],"collection":[{"href":"https:\/\/loulecriativo.pt\/en\/wp-json\/wp\/v2\/lc_workshop"}],"about":[{"href":"https:\/\/loulecriativo.pt\/en\/wp-json\/wp\/v2\/types\/lc_workshop"}],"wp:featuredmedia":[{"embeddable":true,"href":"https:\/\/loulecriativo.pt\/en\/wp-json\/wp\/v2\/media\/5910"}],"wp:attachment":[{"href":"https:\/\/loulecriativo.pt\/en\/wp-json\/wp\/v2\/media?parent=2579"}],"curies":[{"name":"wp","href":"https:\/\/api.w.org\/{rel}","templated":true}]}}

<p>The Clay Studio is located in Martim Moniz Street, in the historic city center of Loulé, in the building where in the past was the ancient and recovered pottery of José João Velhote.</p>

<p>Next to the medieval walls, nowadays work two places that fit together and complement each other. In one of them, Domingos Gonçalves &#8220;Xavier&#8221; who was the potter until the building went into ruins, is back shaping and demonstrating how to work the clay, as well as selling its typical chimneys of the Algarve. On the other side, and in the course of the project Loulé Criativo, others potters are hosted for an incubation period to experiment and consolidate their activity.  </p>

<p>The workshop hosts training for professionals in the sector and simultaneously the activity approach for students of schools and other audiences.</p>

<p>It is located in the historic center of the city of Loulé, in the restored building where the centenary pottery of José João Velhote once operated.</p>

Rua Martim Moniz, nr. 43 and 45, 8100-606 Loulé

<!-- This site is optimized with the Yoast SEO Premium plugin v25.9 (Yoast SEO v26.5) - https://yoast.com/wordpress/plugins/seo/ -->
<title>The Clay Studio - Loulé Criativo</title>
<meta name="robots" content="index, follow, max-snippet:-1, max-image-preview:large, max-video-preview:-1" />
<link rel="canonical" href="https://loulecriativo.pt/en/rede-de-oficinas/oficina-do-barro/" />
<meta property="og:locale" content="en_US" />
<meta property="og:type" content="article" />
<meta property="og:title" content="The Clay Studio" />
<meta property="og:description" content="It is located in the historic center of the city of Loulé, in the restored building where the centenary pottery of José João Velhote once operated." />
<meta property="og:url" content="https://loulecriativo.pt/en/rede-de-oficinas/oficina-do-barro/" />
<meta property="og:site_name" content="Loulé Criativo" />
<meta property="article:modified_time" content="2026-03-20T13:08:08+00:00" />
<meta property="og:image" content="https://loulecriativo.pt/wp-content/uploads/2025/05/Loule-Criativo-003-scaled.jpg" />
	<meta property="og:image:width" content="2560" />
	<meta property="og:image:height" content="1707" />
	<meta property="og:image:type" content="image/jpeg" />
<meta name="twitter:card" content="summary_large_image" />
<meta name="twitter:label1" content="Est. reading time" />
	<meta name="twitter:data1" content="1 minute" />
<script type="application/ld+json" class="yoast-schema-graph">{"@context":"https://schema.org","@graph":[{"@type":"WebPage","@id":"https://loulecriativo.pt/en/rede-de-oficinas/oficina-do-barro/","url":"https://loulecriativo.pt/en/rede-de-oficinas/oficina-do-barro/","name":"The Clay Studio - Loulé Criativo","isPartOf":{"@id":"https://loulecriativo.pt/en/#website"},"primaryImageOfPage":{"@id":"https://loulecriativo.pt/en/rede-de-oficinas/oficina-do-barro/#primaryimage"},"image":{"@id":"https://loulecriativo.pt/en/rede-de-oficinas/oficina-do-barro/#primaryimage"},"thumbnailUrl":"https://loulecriativo.pt/wp-content/uploads/2025/05/Loule-Criativo-003-scaled.jpg","datePublished":"2025-05-06T10:26:33+00:00","dateModified":"2026-03-20T13:08:08+00:00","breadcrumb":{"@id":"https://loulecriativo.pt/en/rede-de-oficinas/oficina-do-barro/#breadcrumb"},"inLanguage":"en-US","potentialAction":[{"@type":"ReadAction","target":["https://loulecriativo.pt/en/rede-de-oficinas/oficina-do-barro/"]}]},{"@type":"ImageObject","inLanguage":"en-US","@id":"https://loulecriativo.pt/en/rede-de-oficinas/oficina-do-barro/#primaryimage","url":"https://loulecriativo.pt/wp-content/uploads/2025/05/Loule-Criativo-003-scaled.jpg","contentUrl":"https://loulecriativo.pt/wp-content/uploads/2025/05/Loule-Criativo-003-scaled.jpg","width":2560,"height":1707},{"@type":"BreadcrumbList","@id":"https://loulecriativo.pt/en/rede-de-oficinas/oficina-do-barro/#breadcrumb","itemListElement":[{"@type":"ListItem","position":1,"name":"Home","item":"https://loulecriativo.pt/en/"},{"@type":"ListItem","position":2,"name":"The Clay Studio"}]},{"@type":"WebSite","@id":"https://loulecriativo.pt/en/#website","url":"https://loulecriativo.pt/en/","name":"Loulé Criativo","description":"","potentialAction":[{"@type":"SearchAction","target":{"@type":"EntryPoint","urlTemplate":"https://loulecriativo.pt/en/?s={search_term_string}"},"query-input":{"@type":"PropertyValueSpecification","valueRequired":true,"valueName":"search_term_string"}}],"inLanguage":"en-US"}]}</script>
<!-- / Yoast SEO Premium plugin. -->

The Clay Studio - Loulé Criativo

It is located in the historic center of the city of Loulé, in the restored building where the centenary pottery of José João Velhote once operated.

Loulé Criativo
