{"id":16541,"date":"2026-04-24T16:39:33","date_gmt":"2026-04-24T16:39:33","guid":{"rendered":"https:\/\/loulecriativo.pt\/?post_type=lc_artist&#038;p=16541"},"modified":"2026-04-24T16:39:34","modified_gmt":"2026-04-24T16:39:34","slug":"isabel-sousa-carvalho","status":"publish","type":"lc_artist","link":"https:\/\/loulecriativo.pt\/pt\/comunidade-criativa\/isabel-sousa-carvalho\/","title":{"rendered":"Isabel Sousa Carvalho"},"content":{"rendered":"\n<p>Isabel Sousa Carvalho (Faro, 1966) iniciou o seu percurso na cer\u00e2mica em 1999, ap\u00f3s forma\u00e7\u00e3o em Engenharia de Produ\u00e7\u00e3o Industrial. Desenvolveu a sua forma\u00e7\u00e3o art\u00edstica no AR.CO e na Escola Secund\u00e1ria Art\u00edstica Ant\u00f3nio Arroio, complementada por diversos workshops especializados em Portugal e no estrangeiro, com destaque para t\u00e9cnicas de raku, porcelana e cozeduras alternativas.<\/p>\n\n\n\n<p>A sua pr\u00e1tica assenta na experimenta\u00e7\u00e3o e na explora\u00e7\u00e3o de diferentes linguagens e materiais. Paralelamente ao trabalho em cer\u00e2mica, tem vindo a desenvolver interesse pela pasta de papel, \u00e1rea que tem aprofundado recentemente e na qual come\u00e7a tamb\u00e9m a dinamizar workshops. Desde 2021, dedica-se ao ensino de t\u00e9cnicas manuais de constru\u00e7\u00e3o em cer\u00e2mica, no \u00e2mbito do Loul\u00e9 Criativo e noutras institui\u00e7\u00f5es do Algarve.<\/p>\n\n\n\n<p><\/p>\n","protected":false},"excerpt":{"rendered":"<p>Isabel Sousa Carvalho (Faro, 1966) \u00e9 ceramista e formadora. Desenvolve trabalho em cer\u00e2mica, explorando tamb\u00e9m a pasta de papel. Desde 2021, leciona no Loul\u00e9 Criativo e noutras institui\u00e7\u00f5es do Algarve.<\/p>\n","protected":false},"featured_media":16542,"template":"","meta":{"_acf_changed":false},"tags":[120,234],"materiais":[122],"role":[78],"class_list":["post-16541","lc_artist","type-lc_artist","status-publish","has-post-thumbnail","hentry","tag-ceramica","tag-papel","materiais-papel","role-parceiro"],"acf":[],"yoast_head":"<!-- This site is optimized with the Yoast SEO Premium plugin v25.9 (Yoast SEO v26.5) - https:\/\/yoast.com\/wordpress\/plugins\/seo\/ -->\n<title>Isabel Sousa Carvalho - Loul\u00e9 Criativo<\/title>\n<meta name=\"robots\" content=\"index, follow, max-snippet:-1, max-image-preview:large, max-video-preview:-1\" \/>\n<link rel=\"canonical\" href=\"https:\/\/loulecriativo.pt\/pt\/comunidade-criativa\/isabel-sousa-carvalho\/\" \/>\n<meta property=\"og:locale\" content=\"pt_PT\" \/>\n<meta property=\"og:type\" content=\"article\" \/>\n<meta property=\"og:title\" content=\"Isabel Sousa Carvalho\" \/>\n<meta property=\"og:description\" content=\"Isabel Sousa Carvalho (Faro, 1966) \u00e9 ceramista e formadora. Desenvolve trabalho em cer\u00e2mica, explorando tamb\u00e9m a pasta de papel. Desde 2021, leciona no Loul\u00e9 Criativo e noutras institui\u00e7\u00f5es do Algarve.\" \/>\n<meta property=\"og:url\" content=\"https:\/\/loulecriativo.pt\/pt\/comunidade-criativa\/isabel-sousa-carvalho\/\" \/>\n<meta property=\"og:site_name\" content=\"Loul\u00e9 Criativo\" \/>\n<meta property=\"article:modified_time\" content=\"2026-04-24T16:39:34+00:00\" \/>\n<meta property=\"og:image\" content=\"https:\/\/loulecriativo.pt\/wp-content\/uploads\/2026\/04\/Isabel_card.jpeg\" \/>\n\t<meta property=\"og:image:width\" content=\"1067\" \/>\n\t<meta property=\"og:image:height\" content=\"921\" \/>\n\t<meta property=\"og:image:type\" content=\"image\/jpeg\" \/>\n<meta name=\"twitter:card\" content=\"summary_large_image\" \/>\n<meta name=\"twitter:label1\" content=\"Est. reading time\" \/>\n\t<meta name=\"twitter:data1\" content=\"1 minute\" \/>\n<script type=\"application\/ld+json\" class=\"yoast-schema-graph\">{\"@context\":\"https:\/\/schema.org\",\"@graph\":[{\"@type\":\"WebPage\",\"@id\":\"https:\/\/loulecriativo.pt\/pt\/comunidade-criativa\/isabel-sousa-carvalho\/\",\"url\":\"https:\/\/loulecriativo.pt\/pt\/comunidade-criativa\/isabel-sousa-carvalho\/\",\"name\":\"Isabel Sousa Carvalho - Loul\u00e9 Criativo\",\"isPartOf\":{\"@id\":\"https:\/\/loulecriativo.pt\/pt\/#website\"},\"primaryImageOfPage\":{\"@id\":\"https:\/\/loulecriativo.pt\/pt\/comunidade-criativa\/isabel-sousa-carvalho\/#primaryimage\"},\"image\":{\"@id\":\"https:\/\/loulecriativo.pt\/pt\/comunidade-criativa\/isabel-sousa-carvalho\/#primaryimage\"},\"thumbnailUrl\":\"https:\/\/loulecriativo.pt\/wp-content\/uploads\/2026\/04\/Isabel_card.jpeg\",\"datePublished\":\"2026-04-24T16:39:33+00:00\",\"dateModified\":\"2026-04-24T16:39:34+00:00\",\"breadcrumb\":{\"@id\":\"https:\/\/loulecriativo.pt\/pt\/comunidade-criativa\/isabel-sousa-carvalho\/#breadcrumb\"},\"inLanguage\":\"pt\",\"potentialAction\":[{\"@type\":\"ReadAction\",\"target\":[\"https:\/\/loulecriativo.pt\/pt\/comunidade-criativa\/isabel-sousa-carvalho\/\"]}]},{\"@type\":\"ImageObject\",\"inLanguage\":\"pt\",\"@id\":\"https:\/\/loulecriativo.pt\/pt\/comunidade-criativa\/isabel-sousa-carvalho\/#primaryimage\",\"url\":\"https:\/\/loulecriativo.pt\/wp-content\/uploads\/2026\/04\/Isabel_card.jpeg\",\"contentUrl\":\"https:\/\/loulecriativo.pt\/wp-content\/uploads\/2026\/04\/Isabel_card.jpeg\",\"width\":1067,\"height\":921},{\"@type\":\"BreadcrumbList\",\"@id\":\"https:\/\/loulecriativo.pt\/pt\/comunidade-criativa\/isabel-sousa-carvalho\/#breadcrumb\",\"itemListElement\":[{\"@type\":\"ListItem\",\"position\":1,\"name\":\"Home\",\"item\":\"https:\/\/loulecriativo.pt\/pt\/\"},{\"@type\":\"ListItem\",\"position\":2,\"name\":\"Isabel Sousa Carvalho\"}]},{\"@type\":\"WebSite\",\"@id\":\"https:\/\/loulecriativo.pt\/pt\/#website\",\"url\":\"https:\/\/loulecriativo.pt\/pt\/\",\"name\":\"Loul\u00e9 Criativo\",\"description\":\"\",\"potentialAction\":[{\"@type\":\"SearchAction\",\"target\":{\"@type\":\"EntryPoint\",\"urlTemplate\":\"https:\/\/loulecriativo.pt\/pt\/?s={search_term_string}\"},\"query-input\":{\"@type\":\"PropertyValueSpecification\",\"valueRequired\":true,\"valueName\":\"search_term_string\"}}],\"inLanguage\":\"pt\"}]}<\/script>\n<!-- \/ Yoast SEO Premium plugin. -->","yoast_head_json":{"title":"Isabel Sousa Carvalho - Loul\u00e9 Criativo","robots":{"index":"index","follow":"follow","max-snippet":"max-snippet:-1","max-image-preview":"max-image-preview:large","max-video-preview":"max-video-preview:-1"},"canonical":"https:\/\/loulecriativo.pt\/pt\/comunidade-criativa\/isabel-sousa-carvalho\/","og_locale":"pt_PT","og_type":"article","og_title":"Isabel Sousa Carvalho","og_description":"Isabel Sousa Carvalho (Faro, 1966) \u00e9 ceramista e formadora. Desenvolve trabalho em cer\u00e2mica, explorando tamb\u00e9m a pasta de papel. Desde 2021, leciona no Loul\u00e9 Criativo e noutras institui\u00e7\u00f5es do Algarve.","og_url":"https:\/\/loulecriativo.pt\/pt\/comunidade-criativa\/isabel-sousa-carvalho\/","og_site_name":"Loul\u00e9 Criativo","article_modified_time":"2026-04-24T16:39:34+00:00","og_image":[{"width":1067,"height":921,"url":"https:\/\/loulecriativo.pt\/wp-content\/uploads\/2026\/04\/Isabel_card.jpeg","type":"image\/jpeg"}],"twitter_card":"summary_large_image","twitter_misc":{"Est. reading time":"1 minute"},"schema":{"@context":"https:\/\/schema.org","@graph":[{"@type":"WebPage","@id":"https:\/\/loulecriativo.pt\/pt\/comunidade-criativa\/isabel-sousa-carvalho\/","url":"https:\/\/loulecriativo.pt\/pt\/comunidade-criativa\/isabel-sousa-carvalho\/","name":"Isabel Sousa Carvalho - Loul\u00e9 Criativo","isPartOf":{"@id":"https:\/\/loulecriativo.pt\/pt\/#website"},"primaryImageOfPage":{"@id":"https:\/\/loulecriativo.pt\/pt\/comunidade-criativa\/isabel-sousa-carvalho\/#primaryimage"},"image":{"@id":"https:\/\/loulecriativo.pt\/pt\/comunidade-criativa\/isabel-sousa-carvalho\/#primaryimage"},"thumbnailUrl":"https:\/\/loulecriativo.pt\/wp-content\/uploads\/2026\/04\/Isabel_card.jpeg","datePublished":"2026-04-24T16:39:33+00:00","dateModified":"2026-04-24T16:39:34+00:00","breadcrumb":{"@id":"https:\/\/loulecriativo.pt\/pt\/comunidade-criativa\/isabel-sousa-carvalho\/#breadcrumb"},"inLanguage":"pt","potentialAction":[{"@type":"ReadAction","target":["https:\/\/loulecriativo.pt\/pt\/comunidade-criativa\/isabel-sousa-carvalho\/"]}]},{"@type":"ImageObject","inLanguage":"pt","@id":"https:\/\/loulecriativo.pt\/pt\/comunidade-criativa\/isabel-sousa-carvalho\/#primaryimage","url":"https:\/\/loulecriativo.pt\/wp-content\/uploads\/2026\/04\/Isabel_card.jpeg","contentUrl":"https:\/\/loulecriativo.pt\/wp-content\/uploads\/2026\/04\/Isabel_card.jpeg","width":1067,"height":921},{"@type":"BreadcrumbList","@id":"https:\/\/loulecriativo.pt\/pt\/comunidade-criativa\/isabel-sousa-carvalho\/#breadcrumb","itemListElement":[{"@type":"ListItem","position":1,"name":"Home","item":"https:\/\/loulecriativo.pt\/pt\/"},{"@type":"ListItem","position":2,"name":"Isabel Sousa Carvalho"}]},{"@type":"WebSite","@id":"https:\/\/loulecriativo.pt\/pt\/#website","url":"https:\/\/loulecriativo.pt\/pt\/","name":"Loul\u00e9 Criativo","description":"","potentialAction":[{"@type":"SearchAction","target":{"@type":"EntryPoint","urlTemplate":"https:\/\/loulecriativo.pt\/pt\/?s={search_term_string}"},"query-input":{"@type":"PropertyValueSpecification","valueRequired":true,"valueName":"search_term_string"}}],"inLanguage":"pt"}]}},"_links":{"self":[{"href":"https:\/\/loulecriativo.pt\/pt\/wp-json\/wp\/v2\/lc_artist\/16541","targetHints":{"allow":["GET"]}}],"collection":[{"href":"https:\/\/loulecriativo.pt\/pt\/wp-json\/wp\/v2\/lc_artist"}],"about":[{"href":"https:\/\/loulecriativo.pt\/pt\/wp-json\/wp\/v2\/types\/lc_artist"}],"version-history":[{"count":3,"href":"https:\/\/loulecriativo.pt\/pt\/wp-json\/wp\/v2\/lc_artist\/16541\/revisions"}],"predecessor-version":[{"id":16546,"href":"https:\/\/loulecriativo.pt\/pt\/wp-json\/wp\/v2\/lc_artist\/16541\/revisions\/16546"}],"wp:featuredmedia":[{"embeddable":true,"href":"https:\/\/loulecriativo.pt\/pt\/wp-json\/wp\/v2\/media\/16542"}],"wp:attachment":[{"href":"https:\/\/loulecriativo.pt\/pt\/wp-json\/wp\/v2\/media?parent=16541"}],"wp:term":[{"taxonomy":"post_tag","embeddable":true,"href":"https:\/\/loulecriativo.pt\/pt\/wp-json\/wp\/v2\/tags?post=16541"},{"taxonomy":"materiais","embeddable":true,"href":"https:\/\/loulecriativo.pt\/pt\/wp-json\/wp\/v2\/materiais?post=16541"},{"taxonomy":"role","embeddable":true,"href":"https:\/\/loulecriativo.pt\/pt\/wp-json\/wp\/v2\/role?post=16541"}],"curies":[{"name":"wp","href":"https:\/\/api.w.org\/{rel}","templated":true}]}}

<p>Isabel Sousa Carvalho (Faro, 1966) iniciou o seu percurso na cerâmica em 1999, após formação em Engenharia de Produção Industrial. Desenvolveu a sua formação artística no AR.CO e na Escola Secundária Artística António Arroio, complementada por diversos workshops especializados em Portugal e no estrangeiro, com destaque para técnicas de raku, porcelana e cozeduras alternativas.</p>



<p>A sua prática assenta na experimentação e na exploração de diferentes linguagens e materiais. Paralelamente ao trabalho em cerâmica, tem vindo a desenvolver interesse pela pasta de papel, área que tem aprofundado recentemente e na qual começa também a dinamizar workshops. Desde 2021, dedica-se ao ensino de técnicas manuais de construção em cerâmica, no âmbito do Loulé Criativo e noutras instituições do Algarve.</p>



<p></p>

<p>Isabel Sousa Carvalho (Faro, 1966) é ceramista e formadora. Desenvolve trabalho em cerâmica, explorando também a pasta de papel. Desde 2021, leciona no Loulé Criativo e noutras instituições do Algarve.</p>

<!-- This site is optimized with the Yoast SEO Premium plugin v25.9 (Yoast SEO v26.5) - https://yoast.com/wordpress/plugins/seo/ -->
<title>Isabel Sousa Carvalho - Loulé Criativo</title>
<meta name="robots" content="index, follow, max-snippet:-1, max-image-preview:large, max-video-preview:-1" />
<link rel="canonical" href="https://loulecriativo.pt/pt/comunidade-criativa/isabel-sousa-carvalho/" />
<meta property="og:locale" content="pt_PT" />
<meta property="og:type" content="article" />
<meta property="og:title" content="Isabel Sousa Carvalho" />
<meta property="og:description" content="Isabel Sousa Carvalho (Faro, 1966) é ceramista e formadora. Desenvolve trabalho em cerâmica, explorando também a pasta de papel. Desde 2021, leciona no Loulé Criativo e noutras instituições do Algarve." />
<meta property="og:url" content="https://loulecriativo.pt/pt/comunidade-criativa/isabel-sousa-carvalho/" />
<meta property="og:site_name" content="Loulé Criativo" />
<meta property="article:modified_time" content="2026-04-24T16:39:34+00:00" />
<meta property="og:image" content="https://loulecriativo.pt/wp-content/uploads/2026/04/Isabel_card.jpeg" />
	<meta property="og:image:width" content="1067" />
	<meta property="og:image:height" content="921" />
	<meta property="og:image:type" content="image/jpeg" />
<meta name="twitter:card" content="summary_large_image" />
<meta name="twitter:label1" content="Est. reading time" />
	<meta name="twitter:data1" content="1 minute" />
<script type="application/ld+json" class="yoast-schema-graph">{"@context":"https://schema.org","@graph":[{"@type":"WebPage","@id":"https://loulecriativo.pt/pt/comunidade-criativa/isabel-sousa-carvalho/","url":"https://loulecriativo.pt/pt/comunidade-criativa/isabel-sousa-carvalho/","name":"Isabel Sousa Carvalho - Loulé Criativo","isPartOf":{"@id":"https://loulecriativo.pt/pt/#website"},"primaryImageOfPage":{"@id":"https://loulecriativo.pt/pt/comunidade-criativa/isabel-sousa-carvalho/#primaryimage"},"image":{"@id":"https://loulecriativo.pt/pt/comunidade-criativa/isabel-sousa-carvalho/#primaryimage"},"thumbnailUrl":"https://loulecriativo.pt/wp-content/uploads/2026/04/Isabel_card.jpeg","datePublished":"2026-04-24T16:39:33+00:00","dateModified":"2026-04-24T16:39:34+00:00","breadcrumb":{"@id":"https://loulecriativo.pt/pt/comunidade-criativa/isabel-sousa-carvalho/#breadcrumb"},"inLanguage":"pt","potentialAction":[{"@type":"ReadAction","target":["https://loulecriativo.pt/pt/comunidade-criativa/isabel-sousa-carvalho/"]}]},{"@type":"ImageObject","inLanguage":"pt","@id":"https://loulecriativo.pt/pt/comunidade-criativa/isabel-sousa-carvalho/#primaryimage","url":"https://loulecriativo.pt/wp-content/uploads/2026/04/Isabel_card.jpeg","contentUrl":"https://loulecriativo.pt/wp-content/uploads/2026/04/Isabel_card.jpeg","width":1067,"height":921},{"@type":"BreadcrumbList","@id":"https://loulecriativo.pt/pt/comunidade-criativa/isabel-sousa-carvalho/#breadcrumb","itemListElement":[{"@type":"ListItem","position":1,"name":"Home","item":"https://loulecriativo.pt/pt/"},{"@type":"ListItem","position":2,"name":"Isabel Sousa Carvalho"}]},{"@type":"WebSite","@id":"https://loulecriativo.pt/pt/#website","url":"https://loulecriativo.pt/pt/","name":"Loulé Criativo","description":"","potentialAction":[{"@type":"SearchAction","target":{"@type":"EntryPoint","urlTemplate":"https://loulecriativo.pt/pt/?s={search_term_string}"},"query-input":{"@type":"PropertyValueSpecification","valueRequired":true,"valueName":"search_term_string"}}],"inLanguage":"pt"}]}</script>
<!-- / Yoast SEO Premium plugin. -->

Isabel Sousa Carvalho - Loulé Criativo

Isabel Sousa Carvalho (Faro, 1966) é ceramista e formadora. Desenvolve trabalho em cerâmica, explorando também a pasta de papel. Desde 2021, leciona no Loulé Criativo e noutras instituições do Algarve.

Loulé Criativo
