{"id":4303,"date":"2025-08-04T15:08:56","date_gmt":"2025-08-04T15:08:56","guid":{"rendered":"https:\/\/loulecriativo.pt\/comunidade-criativa-artista\/ines-sao-pedro\/"},"modified":"2025-12-03T14:55:50","modified_gmt":"2025-12-03T14:55:50","slug":"ines-sao-pedro","status":"publish","type":"lc_artist","link":"https:\/\/loulecriativo.pt\/pt\/comunidade-criativa\/ines-sao-pedro\/","title":{"rendered":"In\u00eas S\u00e3o Pedro"},"content":{"rendered":"\n<p>Desde os 11 anos que a cer\u00e2mica decorativa faz parte do percurso da In\u00eas. <\/p>\n\n\n\n<p>Aos 14, come\u00e7ou a explorar a pintura de azulejo e a vidragem de pe\u00e7as utilit\u00e1rias, descobrindo na pr\u00e1tica o fasc\u00ednio pelo trabalho manual e pelas texturas da terra. Estudou Fashion Design e licenciou-se em Design de Ambientes na ESAD.cr. <\/p>\n\n\n\n<p>A sua trajet\u00f3ria profissional levou-a a atuar em design de interiores e, mais tarde, a integrar a equipa da Philip Morris, nas \u00e1reas de log\u00edstica e consumer activation \u2014 uma experi\u00eancia que lhe proporcionou ferramentas essenciais de gest\u00e3o e estrutura, ainda hoje aplicadas no seu projeto. Viveu dois anos em Londres, uma experi\u00eancia transformadora que despertou a vontade de criar um projeto pr\u00f3prio, centrado na valoriza\u00e7\u00e3o da produ\u00e7\u00e3o local e do design portugu\u00eas. <\/p>\n\n\n\n<p>Atualmente, \u00e9 fundadora e diretora criativa da SAN PI, um est\u00fadio que celebra seis anos de exist\u00eancia. A SAN PI nasceu do desejo de partilhar o universo da cer\u00e2mica de forma acess\u00edvel, sensorial e com uma abordagem justa e sustent\u00e1vel. <\/p>\n\n\n\n<p>Para al\u00e9m da cria\u00e7\u00e3o de produto, o cora\u00e7\u00e3o do projeto reside, hoje, nas aulas e workshops, onde a cer\u00e2mica se transforma em experi\u00eancia, express\u00e3o e encontro. Em 2024, foi ceramista residente no Cucumbi, numa experi\u00eancia imersiva no Alentejo profundo. Este ano, dar\u00e1 workshops na Casa Modesta, em Olh\u00e3o, continuando a expandir o universo da cer\u00e2mica em contextos ligados \u00e0 natureza, ao tempo lento e \u00e0 autenticidade.<\/p>\n","protected":false},"excerpt":{"rendered":"<p>Desde os 11 anos que a cer\u00e2mica decorativa faz parte do percurso da In\u00eas. Aos 14, come\u00e7ou a explorar a pintura de azulejo e a vidragem de pe\u00e7as utilit\u00e1rias, descobrindo na pr\u00e1tica o fasc\u00ednio pelo trabalho manual e pelas texturas da terra.<\/p>\n","protected":false},"featured_media":4299,"template":"","meta":{"_acf_changed":false},"tags":[120],"materiais":[],"role":[72,78],"class_list":["post-4303","lc_artist","type-lc_artist","status-publish","has-post-thumbnail","hentry","tag-ceramica","role-maker","role-parceiro"],"acf":[],"yoast_head":"<!-- This site is optimized with the Yoast SEO Premium plugin v25.9 (Yoast SEO v26.5) - https:\/\/yoast.com\/wordpress\/plugins\/seo\/ -->\n<title>In\u00eas S\u00e3o Pedro - Loul\u00e9 Criativo<\/title>\n<meta name=\"robots\" content=\"index, follow, max-snippet:-1, max-image-preview:large, max-video-preview:-1\" \/>\n<link rel=\"canonical\" href=\"https:\/\/loulecriativo.pt\/pt\/comunidade-criativa\/ines-sao-pedro\/\" \/>\n<meta property=\"og:locale\" content=\"pt_PT\" \/>\n<meta property=\"og:type\" content=\"article\" \/>\n<meta property=\"og:title\" content=\"In\u00eas S\u00e3o Pedro\" \/>\n<meta property=\"og:description\" content=\"Desde os 11 anos que a cer\u00e2mica decorativa faz parte do percurso da In\u00eas. Aos 14, come\u00e7ou a explorar a pintura de azulejo e a vidragem de pe\u00e7as utilit\u00e1rias, descobrindo na pr\u00e1tica o fasc\u00ednio pelo trabalho manual e pelas texturas da terra.\" \/>\n<meta property=\"og:url\" content=\"https:\/\/loulecriativo.pt\/pt\/comunidade-criativa\/ines-sao-pedro\/\" \/>\n<meta property=\"og:site_name\" content=\"Loul\u00e9 Criativo\" \/>\n<meta property=\"article:modified_time\" content=\"2025-12-03T14:55:50+00:00\" \/>\n<meta property=\"og:image\" content=\"https:\/\/loulecriativo.pt\/wp-content\/uploads\/2025\/08\/2025-04-16-030846ties-sanpi-36jpg.jpg\" \/>\n\t<meta property=\"og:image:width\" content=\"500\" \/>\n\t<meta property=\"og:image:height\" content=\"500\" \/>\n\t<meta property=\"og:image:type\" content=\"image\/jpeg\" \/>\n<meta name=\"twitter:card\" content=\"summary_large_image\" \/>\n<meta name=\"twitter:label1\" content=\"Est. reading time\" \/>\n\t<meta name=\"twitter:data1\" content=\"2 minutes\" \/>\n<script type=\"application\/ld+json\" class=\"yoast-schema-graph\">{\"@context\":\"https:\/\/schema.org\",\"@graph\":[{\"@type\":\"WebPage\",\"@id\":\"https:\/\/loulecriativo.pt\/pt\/comunidade-criativa\/ines-sao-pedro\/\",\"url\":\"https:\/\/loulecriativo.pt\/pt\/comunidade-criativa\/ines-sao-pedro\/\",\"name\":\"In\u00eas S\u00e3o Pedro - Loul\u00e9 Criativo\",\"isPartOf\":{\"@id\":\"https:\/\/loulecriativo.pt\/pt\/#website\"},\"primaryImageOfPage\":{\"@id\":\"https:\/\/loulecriativo.pt\/pt\/comunidade-criativa\/ines-sao-pedro\/#primaryimage\"},\"image\":{\"@id\":\"https:\/\/loulecriativo.pt\/pt\/comunidade-criativa\/ines-sao-pedro\/#primaryimage\"},\"thumbnailUrl\":\"https:\/\/loulecriativo.pt\/wp-content\/uploads\/2025\/08\/2025-04-16-030846ties-sanpi-36jpg.jpg\",\"datePublished\":\"2025-08-04T15:08:56+00:00\",\"dateModified\":\"2025-12-03T14:55:50+00:00\",\"breadcrumb\":{\"@id\":\"https:\/\/loulecriativo.pt\/pt\/comunidade-criativa\/ines-sao-pedro\/#breadcrumb\"},\"inLanguage\":\"pt\",\"potentialAction\":[{\"@type\":\"ReadAction\",\"target\":[\"https:\/\/loulecriativo.pt\/pt\/comunidade-criativa\/ines-sao-pedro\/\"]}]},{\"@type\":\"ImageObject\",\"inLanguage\":\"pt\",\"@id\":\"https:\/\/loulecriativo.pt\/pt\/comunidade-criativa\/ines-sao-pedro\/#primaryimage\",\"url\":\"https:\/\/loulecriativo.pt\/wp-content\/uploads\/2025\/08\/2025-04-16-030846ties-sanpi-36jpg.jpg\",\"contentUrl\":\"https:\/\/loulecriativo.pt\/wp-content\/uploads\/2025\/08\/2025-04-16-030846ties-sanpi-36jpg.jpg\",\"width\":500,\"height\":500},{\"@type\":\"BreadcrumbList\",\"@id\":\"https:\/\/loulecriativo.pt\/pt\/comunidade-criativa\/ines-sao-pedro\/#breadcrumb\",\"itemListElement\":[{\"@type\":\"ListItem\",\"position\":1,\"name\":\"Home\",\"item\":\"https:\/\/loulecriativo.pt\/pt\/\"},{\"@type\":\"ListItem\",\"position\":2,\"name\":\"In\u00eas S\u00e3o Pedro\"}]},{\"@type\":\"WebSite\",\"@id\":\"https:\/\/loulecriativo.pt\/pt\/#website\",\"url\":\"https:\/\/loulecriativo.pt\/pt\/\",\"name\":\"Loul\u00e9 Criativo\",\"description\":\"\",\"potentialAction\":[{\"@type\":\"SearchAction\",\"target\":{\"@type\":\"EntryPoint\",\"urlTemplate\":\"https:\/\/loulecriativo.pt\/pt\/?s={search_term_string}\"},\"query-input\":{\"@type\":\"PropertyValueSpecification\",\"valueRequired\":true,\"valueName\":\"search_term_string\"}}],\"inLanguage\":\"pt\"}]}<\/script>\n<!-- \/ Yoast SEO Premium plugin. -->","yoast_head_json":{"title":"In\u00eas S\u00e3o Pedro - Loul\u00e9 Criativo","robots":{"index":"index","follow":"follow","max-snippet":"max-snippet:-1","max-image-preview":"max-image-preview:large","max-video-preview":"max-video-preview:-1"},"canonical":"https:\/\/loulecriativo.pt\/pt\/comunidade-criativa\/ines-sao-pedro\/","og_locale":"pt_PT","og_type":"article","og_title":"In\u00eas S\u00e3o Pedro","og_description":"Desde os 11 anos que a cer\u00e2mica decorativa faz parte do percurso da In\u00eas. Aos 14, come\u00e7ou a explorar a pintura de azulejo e a vidragem de pe\u00e7as utilit\u00e1rias, descobrindo na pr\u00e1tica o fasc\u00ednio pelo trabalho manual e pelas texturas da terra.","og_url":"https:\/\/loulecriativo.pt\/pt\/comunidade-criativa\/ines-sao-pedro\/","og_site_name":"Loul\u00e9 Criativo","article_modified_time":"2025-12-03T14:55:50+00:00","og_image":[{"width":500,"height":500,"url":"https:\/\/loulecriativo.pt\/wp-content\/uploads\/2025\/08\/2025-04-16-030846ties-sanpi-36jpg.jpg","type":"image\/jpeg"}],"twitter_card":"summary_large_image","twitter_misc":{"Est. reading time":"2 minutes"},"schema":{"@context":"https:\/\/schema.org","@graph":[{"@type":"WebPage","@id":"https:\/\/loulecriativo.pt\/pt\/comunidade-criativa\/ines-sao-pedro\/","url":"https:\/\/loulecriativo.pt\/pt\/comunidade-criativa\/ines-sao-pedro\/","name":"In\u00eas S\u00e3o Pedro - Loul\u00e9 Criativo","isPartOf":{"@id":"https:\/\/loulecriativo.pt\/pt\/#website"},"primaryImageOfPage":{"@id":"https:\/\/loulecriativo.pt\/pt\/comunidade-criativa\/ines-sao-pedro\/#primaryimage"},"image":{"@id":"https:\/\/loulecriativo.pt\/pt\/comunidade-criativa\/ines-sao-pedro\/#primaryimage"},"thumbnailUrl":"https:\/\/loulecriativo.pt\/wp-content\/uploads\/2025\/08\/2025-04-16-030846ties-sanpi-36jpg.jpg","datePublished":"2025-08-04T15:08:56+00:00","dateModified":"2025-12-03T14:55:50+00:00","breadcrumb":{"@id":"https:\/\/loulecriativo.pt\/pt\/comunidade-criativa\/ines-sao-pedro\/#breadcrumb"},"inLanguage":"pt","potentialAction":[{"@type":"ReadAction","target":["https:\/\/loulecriativo.pt\/pt\/comunidade-criativa\/ines-sao-pedro\/"]}]},{"@type":"ImageObject","inLanguage":"pt","@id":"https:\/\/loulecriativo.pt\/pt\/comunidade-criativa\/ines-sao-pedro\/#primaryimage","url":"https:\/\/loulecriativo.pt\/wp-content\/uploads\/2025\/08\/2025-04-16-030846ties-sanpi-36jpg.jpg","contentUrl":"https:\/\/loulecriativo.pt\/wp-content\/uploads\/2025\/08\/2025-04-16-030846ties-sanpi-36jpg.jpg","width":500,"height":500},{"@type":"BreadcrumbList","@id":"https:\/\/loulecriativo.pt\/pt\/comunidade-criativa\/ines-sao-pedro\/#breadcrumb","itemListElement":[{"@type":"ListItem","position":1,"name":"Home","item":"https:\/\/loulecriativo.pt\/pt\/"},{"@type":"ListItem","position":2,"name":"In\u00eas S\u00e3o Pedro"}]},{"@type":"WebSite","@id":"https:\/\/loulecriativo.pt\/pt\/#website","url":"https:\/\/loulecriativo.pt\/pt\/","name":"Loul\u00e9 Criativo","description":"","potentialAction":[{"@type":"SearchAction","target":{"@type":"EntryPoint","urlTemplate":"https:\/\/loulecriativo.pt\/pt\/?s={search_term_string}"},"query-input":{"@type":"PropertyValueSpecification","valueRequired":true,"valueName":"search_term_string"}}],"inLanguage":"pt"}]}},"_links":{"self":[{"href":"https:\/\/loulecriativo.pt\/pt\/wp-json\/wp\/v2\/lc_artist\/4303","targetHints":{"allow":["GET"]}}],"collection":[{"href":"https:\/\/loulecriativo.pt\/pt\/wp-json\/wp\/v2\/lc_artist"}],"about":[{"href":"https:\/\/loulecriativo.pt\/pt\/wp-json\/wp\/v2\/types\/lc_artist"}],"version-history":[{"count":3,"href":"https:\/\/loulecriativo.pt\/pt\/wp-json\/wp\/v2\/lc_artist\/4303\/revisions"}],"predecessor-version":[{"id":7067,"href":"https:\/\/loulecriativo.pt\/pt\/wp-json\/wp\/v2\/lc_artist\/4303\/revisions\/7067"}],"wp:featuredmedia":[{"embeddable":true,"href":"https:\/\/loulecriativo.pt\/pt\/wp-json\/wp\/v2\/media\/4299"}],"wp:attachment":[{"href":"https:\/\/loulecriativo.pt\/pt\/wp-json\/wp\/v2\/media?parent=4303"}],"wp:term":[{"taxonomy":"post_tag","embeddable":true,"href":"https:\/\/loulecriativo.pt\/pt\/wp-json\/wp\/v2\/tags?post=4303"},{"taxonomy":"materiais","embeddable":true,"href":"https:\/\/loulecriativo.pt\/pt\/wp-json\/wp\/v2\/materiais?post=4303"},{"taxonomy":"role","embeddable":true,"href":"https:\/\/loulecriativo.pt\/pt\/wp-json\/wp\/v2\/role?post=4303"}],"curies":[{"name":"wp","href":"https:\/\/api.w.org\/{rel}","templated":true}]}}

Inês São Pedro

<p>Desde os 11 anos que a cerâmica decorativa faz parte do percurso da Inês. </p>



<p>Aos 14, começou a explorar a pintura de azulejo e a vidragem de peças utilitárias, descobrindo na prática o fascínio pelo trabalho manual e pelas texturas da terra. Estudou Fashion Design e licenciou-se em Design de Ambientes na ESAD.cr. </p>



<p>A sua trajetória profissional levou-a a atuar em design de interiores e, mais tarde, a integrar a equipa da Philip Morris, nas áreas de logística e consumer activation — uma experiência que lhe proporcionou ferramentas essenciais de gestão e estrutura, ainda hoje aplicadas no seu projeto. Viveu dois anos em Londres, uma experiência transformadora que despertou a vontade de criar um projeto próprio, centrado na valorização da produção local e do design português. </p>



<p>Atualmente, é fundadora e diretora criativa da SAN PI, um estúdio que celebra seis anos de existência. A SAN PI nasceu do desejo de partilhar o universo da cerâmica de forma acessível, sensorial e com uma abordagem justa e sustentável. </p>



<p>Para além da criação de produto, o coração do projeto reside, hoje, nas aulas e workshops, onde a cerâmica se transforma em experiência, expressão e encontro. Em 2024, foi ceramista residente no Cucumbi, numa experiência imersiva no Alentejo profundo. Este ano, dará workshops na Casa Modesta, em Olhão, continuando a expandir o universo da cerâmica em contextos ligados à natureza, ao tempo lento e à autenticidade.</p>

<p>Desde os 11 anos que a cerâmica decorativa faz parte do percurso da Inês. Aos 14, começou a explorar a pintura de azulejo e a vidragem de peças utilitárias, descobrindo na prática o fascínio pelo trabalho manual e pelas texturas da terra.</p>

<!-- This site is optimized with the Yoast SEO Premium plugin v25.9 (Yoast SEO v26.5) - https://yoast.com/wordpress/plugins/seo/ -->
<title>Inês São Pedro - Loulé Criativo</title>
<meta name="robots" content="index, follow, max-snippet:-1, max-image-preview:large, max-video-preview:-1" />
<link rel="canonical" href="https://loulecriativo.pt/pt/comunidade-criativa/ines-sao-pedro/" />
<meta property="og:locale" content="pt_PT" />
<meta property="og:type" content="article" />
<meta property="og:title" content="Inês São Pedro" />
<meta property="og:description" content="Desde os 11 anos que a cerâmica decorativa faz parte do percurso da Inês. Aos 14, começou a explorar a pintura de azulejo e a vidragem de peças utilitárias, descobrindo na prática o fascínio pelo trabalho manual e pelas texturas da terra." />
<meta property="og:url" content="https://loulecriativo.pt/pt/comunidade-criativa/ines-sao-pedro/" />
<meta property="og:site_name" content="Loulé Criativo" />
<meta property="article:modified_time" content="2025-12-03T14:55:50+00:00" />
<meta property="og:image" content="https://loulecriativo.pt/wp-content/uploads/2025/08/2025-04-16-030846ties-sanpi-36jpg.jpg" />
	<meta property="og:image:width" content="500" />
	<meta property="og:image:height" content="500" />
	<meta property="og:image:type" content="image/jpeg" />
<meta name="twitter:card" content="summary_large_image" />
<meta name="twitter:label1" content="Est. reading time" />
	<meta name="twitter:data1" content="2 minutes" />
<script type="application/ld+json" class="yoast-schema-graph">{"@context":"https://schema.org","@graph":[{"@type":"WebPage","@id":"https://loulecriativo.pt/pt/comunidade-criativa/ines-sao-pedro/","url":"https://loulecriativo.pt/pt/comunidade-criativa/ines-sao-pedro/","name":"Inês São Pedro - Loulé Criativo","isPartOf":{"@id":"https://loulecriativo.pt/pt/#website"},"primaryImageOfPage":{"@id":"https://loulecriativo.pt/pt/comunidade-criativa/ines-sao-pedro/#primaryimage"},"image":{"@id":"https://loulecriativo.pt/pt/comunidade-criativa/ines-sao-pedro/#primaryimage"},"thumbnailUrl":"https://loulecriativo.pt/wp-content/uploads/2025/08/2025-04-16-030846ties-sanpi-36jpg.jpg","datePublished":"2025-08-04T15:08:56+00:00","dateModified":"2025-12-03T14:55:50+00:00","breadcrumb":{"@id":"https://loulecriativo.pt/pt/comunidade-criativa/ines-sao-pedro/#breadcrumb"},"inLanguage":"pt","potentialAction":[{"@type":"ReadAction","target":["https://loulecriativo.pt/pt/comunidade-criativa/ines-sao-pedro/"]}]},{"@type":"ImageObject","inLanguage":"pt","@id":"https://loulecriativo.pt/pt/comunidade-criativa/ines-sao-pedro/#primaryimage","url":"https://loulecriativo.pt/wp-content/uploads/2025/08/2025-04-16-030846ties-sanpi-36jpg.jpg","contentUrl":"https://loulecriativo.pt/wp-content/uploads/2025/08/2025-04-16-030846ties-sanpi-36jpg.jpg","width":500,"height":500},{"@type":"BreadcrumbList","@id":"https://loulecriativo.pt/pt/comunidade-criativa/ines-sao-pedro/#breadcrumb","itemListElement":[{"@type":"ListItem","position":1,"name":"Home","item":"https://loulecriativo.pt/pt/"},{"@type":"ListItem","position":2,"name":"Inês São Pedro"}]},{"@type":"WebSite","@id":"https://loulecriativo.pt/pt/#website","url":"https://loulecriativo.pt/pt/","name":"Loulé Criativo","description":"","potentialAction":[{"@type":"SearchAction","target":{"@type":"EntryPoint","urlTemplate":"https://loulecriativo.pt/pt/?s={search_term_string}"},"query-input":{"@type":"PropertyValueSpecification","valueRequired":true,"valueName":"search_term_string"}}],"inLanguage":"pt"}]}</script>
<!-- / Yoast SEO Premium plugin. -->

Inês São Pedro - Loulé Criativo

Desde os 11 anos que a cerâmica decorativa faz parte do percurso da Inês. Aos 14, começou a explorar a pintura de azulejo e a vidragem de peças utilitárias, descobrindo na prática o fascínio pelo trabalho manual e pelas texturas da terra.

Loulé Criativo
