{"id":4651,"date":"2025-08-06T16:25:53","date_gmt":"2025-08-06T16:25:53","guid":{"rendered":"https:\/\/loulecriativo.pt\/?post_type=lc_workshop&#038;p=4651"},"modified":"2026-03-20T13:17:57","modified_gmt":"2026-03-20T13:17:57","slug":"casa-do-esparto","status":"publish","type":"lc_workshop","link":"https:\/\/loulecriativo.pt\/pt\/rede-de-oficinas\/casa-do-esparto\/","title":{"rendered":"Casa do Esparto"},"content":{"rendered":"\n<p>O esparto \u00e9 uma planta herb\u00e1cea que cresce espontaneamente no Barrocal algarvio, sendo utilizado desde tempos imemoriais para produzir cordas, tapetes, alcofas e uma variedade de utens\u00edlios utilizados na agricultura e na pesca. No passado desempenhou um importante papel na vida socioecon\u00f3mica do interior do concelho de Loul\u00e9 (sobretudo na freguesia de Alte) mas atualmente n\u00e3o possu\u00ed grande express\u00e3o na regi\u00e3o. A Casa do Esparto surge para contrariar esta situa\u00e7\u00e3o, pretendendo revitalizar esta arte.&nbsp;<\/p>\n\n\n\n<p>Integram o espa\u00e7o as mestras artes\u00e3s Maria Jos\u00e9 Ramos, Manuela Limas, Aldegundes Gomes e Fernanda Martins e o artes\u00e3o Isidoro Ramos.<\/p>\n\n\n\n<p>O espa\u00e7o funciona como local de trabalho e loja, onde \u00e9 poss\u00edvel conhecer os artes\u00e3os, adquirir os seus trabalhos e frequentar cursos e workshops acerca desta fibra vegetal.&nbsp;<\/p>\n\n\n\n<p>Esta \u00e9 uma iniciativa da C\u00e2mara da C\u00e2mara Municipal de Loul\u00e9, com o apoio da Junta de Freguesia de Alte.<\/p>\n\n\n\n<h3 class=\"wp-block-heading\">Contactos<\/h3>\n\n\n\n<ul class=\"wp-block-list\">\n<li><strong>Loul\u00e9 Criativo<\/strong> \u2013 289400829 (chamada para a rede fixa nacional) \/ loulecriativo@cm-loule.pt<\/li>\n\n\n\n<li><strong>Elsa Silva<\/strong> \u2013 914873515 &#8211; chamada para rede m\u00f3vel nacional<\/li>\n\n\n\n<li><strong>Carla Ferreirinha<\/strong> &#8211; 967608039 &#8211; chamada para rede m\u00f3vel nacional<\/li>\n<\/ul>\n\n\n\n<p><\/p>\n","protected":false},"excerpt":{"rendered":"<p>Espa\u00e7o dedicado \u00e0 arte de trabalhar o Esparto, onde poder\u00e1 descobrir o saber-fazer das artes\u00e3s que habilmente entrela\u00e7am esta fibra vegetal.<\/p>\n","protected":false},"featured_media":5917,"template":"","meta":{"_acf_changed":true,"name":"Beco da Escola Prim\u00e1ria, Sarnadas, Alte"},"class_list":["post-4651","lc_workshop","type-lc_workshop","status-publish","has-post-thumbnail","hentry"],"acf":[],"yoast_head":"<!-- This site is optimized with the Yoast SEO Premium plugin v25.9 (Yoast SEO v26.5) - https:\/\/yoast.com\/wordpress\/plugins\/seo\/ -->\n<title>Casa do Esparto - Loul\u00e9 Criativo<\/title>\n<meta name=\"robots\" content=\"index, follow, max-snippet:-1, max-image-preview:large, max-video-preview:-1\" \/>\n<link rel=\"canonical\" href=\"https:\/\/loulecriativo.pt\/pt\/rede-de-oficinas\/casa-do-esparto\/\" \/>\n<meta property=\"og:locale\" content=\"pt_PT\" \/>\n<meta property=\"og:type\" content=\"article\" \/>\n<meta property=\"og:title\" content=\"Casa do Esparto\" \/>\n<meta property=\"og:description\" content=\"Espa\u00e7o dedicado \u00e0 arte de trabalhar o Esparto, onde poder\u00e1 descobrir o saber-fazer das artes\u00e3s que habilmente entrela\u00e7am esta fibra vegetal.\" \/>\n<meta property=\"og:url\" content=\"https:\/\/loulecriativo.pt\/pt\/rede-de-oficinas\/casa-do-esparto\/\" \/>\n<meta property=\"og:site_name\" content=\"Loul\u00e9 Criativo\" \/>\n<meta property=\"article:modified_time\" content=\"2026-03-20T13:17:57+00:00\" \/>\n<meta property=\"og:image\" content=\"https:\/\/loulecriativo.pt\/wp-content\/uploads\/2025\/08\/Loule-Criativo-087-scaled.jpg\" \/>\n\t<meta property=\"og:image:width\" content=\"2560\" \/>\n\t<meta property=\"og:image:height\" content=\"1707\" \/>\n\t<meta property=\"og:image:type\" content=\"image\/jpeg\" \/>\n<meta name=\"twitter:card\" content=\"summary_large_image\" \/>\n<meta name=\"twitter:label1\" content=\"Est. reading time\" \/>\n\t<meta name=\"twitter:data1\" content=\"2 minutes\" \/>\n<script type=\"application\/ld+json\" class=\"yoast-schema-graph\">{\"@context\":\"https:\/\/schema.org\",\"@graph\":[{\"@type\":\"WebPage\",\"@id\":\"https:\/\/loulecriativo.pt\/pt\/rede-de-oficinas\/casa-do-esparto\/\",\"url\":\"https:\/\/loulecriativo.pt\/pt\/rede-de-oficinas\/casa-do-esparto\/\",\"name\":\"Casa do Esparto - Loul\u00e9 Criativo\",\"isPartOf\":{\"@id\":\"https:\/\/loulecriativo.pt\/pt\/#website\"},\"primaryImageOfPage\":{\"@id\":\"https:\/\/loulecriativo.pt\/pt\/rede-de-oficinas\/casa-do-esparto\/#primaryimage\"},\"image\":{\"@id\":\"https:\/\/loulecriativo.pt\/pt\/rede-de-oficinas\/casa-do-esparto\/#primaryimage\"},\"thumbnailUrl\":\"https:\/\/loulecriativo.pt\/wp-content\/uploads\/2025\/08\/Loule-Criativo-087-scaled.jpg\",\"datePublished\":\"2025-08-06T16:25:53+00:00\",\"dateModified\":\"2026-03-20T13:17:57+00:00\",\"breadcrumb\":{\"@id\":\"https:\/\/loulecriativo.pt\/pt\/rede-de-oficinas\/casa-do-esparto\/#breadcrumb\"},\"inLanguage\":\"pt\",\"potentialAction\":[{\"@type\":\"ReadAction\",\"target\":[\"https:\/\/loulecriativo.pt\/pt\/rede-de-oficinas\/casa-do-esparto\/\"]}]},{\"@type\":\"ImageObject\",\"inLanguage\":\"pt\",\"@id\":\"https:\/\/loulecriativo.pt\/pt\/rede-de-oficinas\/casa-do-esparto\/#primaryimage\",\"url\":\"https:\/\/loulecriativo.pt\/wp-content\/uploads\/2025\/08\/Loule-Criativo-087-scaled.jpg\",\"contentUrl\":\"https:\/\/loulecriativo.pt\/wp-content\/uploads\/2025\/08\/Loule-Criativo-087-scaled.jpg\",\"width\":2560,\"height\":1707},{\"@type\":\"BreadcrumbList\",\"@id\":\"https:\/\/loulecriativo.pt\/pt\/rede-de-oficinas\/casa-do-esparto\/#breadcrumb\",\"itemListElement\":[{\"@type\":\"ListItem\",\"position\":1,\"name\":\"Home\",\"item\":\"https:\/\/loulecriativo.pt\/pt\/\"},{\"@type\":\"ListItem\",\"position\":2,\"name\":\"Casa do Esparto\"}]},{\"@type\":\"WebSite\",\"@id\":\"https:\/\/loulecriativo.pt\/pt\/#website\",\"url\":\"https:\/\/loulecriativo.pt\/pt\/\",\"name\":\"Loul\u00e9 Criativo\",\"description\":\"\",\"potentialAction\":[{\"@type\":\"SearchAction\",\"target\":{\"@type\":\"EntryPoint\",\"urlTemplate\":\"https:\/\/loulecriativo.pt\/pt\/?s={search_term_string}\"},\"query-input\":{\"@type\":\"PropertyValueSpecification\",\"valueRequired\":true,\"valueName\":\"search_term_string\"}}],\"inLanguage\":\"pt\"}]}<\/script>\n<!-- \/ Yoast SEO Premium plugin. -->","yoast_head_json":{"title":"Casa do Esparto - Loul\u00e9 Criativo","robots":{"index":"index","follow":"follow","max-snippet":"max-snippet:-1","max-image-preview":"max-image-preview:large","max-video-preview":"max-video-preview:-1"},"canonical":"https:\/\/loulecriativo.pt\/pt\/rede-de-oficinas\/casa-do-esparto\/","og_locale":"pt_PT","og_type":"article","og_title":"Casa do Esparto","og_description":"Espa\u00e7o dedicado \u00e0 arte de trabalhar o Esparto, onde poder\u00e1 descobrir o saber-fazer das artes\u00e3s que habilmente entrela\u00e7am esta fibra vegetal.","og_url":"https:\/\/loulecriativo.pt\/pt\/rede-de-oficinas\/casa-do-esparto\/","og_site_name":"Loul\u00e9 Criativo","article_modified_time":"2026-03-20T13:17:57+00:00","og_image":[{"width":2560,"height":1707,"url":"https:\/\/loulecriativo.pt\/wp-content\/uploads\/2025\/08\/Loule-Criativo-087-scaled.jpg","type":"image\/jpeg"}],"twitter_card":"summary_large_image","twitter_misc":{"Est. reading time":"2 minutes"},"schema":{"@context":"https:\/\/schema.org","@graph":[{"@type":"WebPage","@id":"https:\/\/loulecriativo.pt\/pt\/rede-de-oficinas\/casa-do-esparto\/","url":"https:\/\/loulecriativo.pt\/pt\/rede-de-oficinas\/casa-do-esparto\/","name":"Casa do Esparto - Loul\u00e9 Criativo","isPartOf":{"@id":"https:\/\/loulecriativo.pt\/pt\/#website"},"primaryImageOfPage":{"@id":"https:\/\/loulecriativo.pt\/pt\/rede-de-oficinas\/casa-do-esparto\/#primaryimage"},"image":{"@id":"https:\/\/loulecriativo.pt\/pt\/rede-de-oficinas\/casa-do-esparto\/#primaryimage"},"thumbnailUrl":"https:\/\/loulecriativo.pt\/wp-content\/uploads\/2025\/08\/Loule-Criativo-087-scaled.jpg","datePublished":"2025-08-06T16:25:53+00:00","dateModified":"2026-03-20T13:17:57+00:00","breadcrumb":{"@id":"https:\/\/loulecriativo.pt\/pt\/rede-de-oficinas\/casa-do-esparto\/#breadcrumb"},"inLanguage":"pt","potentialAction":[{"@type":"ReadAction","target":["https:\/\/loulecriativo.pt\/pt\/rede-de-oficinas\/casa-do-esparto\/"]}]},{"@type":"ImageObject","inLanguage":"pt","@id":"https:\/\/loulecriativo.pt\/pt\/rede-de-oficinas\/casa-do-esparto\/#primaryimage","url":"https:\/\/loulecriativo.pt\/wp-content\/uploads\/2025\/08\/Loule-Criativo-087-scaled.jpg","contentUrl":"https:\/\/loulecriativo.pt\/wp-content\/uploads\/2025\/08\/Loule-Criativo-087-scaled.jpg","width":2560,"height":1707},{"@type":"BreadcrumbList","@id":"https:\/\/loulecriativo.pt\/pt\/rede-de-oficinas\/casa-do-esparto\/#breadcrumb","itemListElement":[{"@type":"ListItem","position":1,"name":"Home","item":"https:\/\/loulecriativo.pt\/pt\/"},{"@type":"ListItem","position":2,"name":"Casa do Esparto"}]},{"@type":"WebSite","@id":"https:\/\/loulecriativo.pt\/pt\/#website","url":"https:\/\/loulecriativo.pt\/pt\/","name":"Loul\u00e9 Criativo","description":"","potentialAction":[{"@type":"SearchAction","target":{"@type":"EntryPoint","urlTemplate":"https:\/\/loulecriativo.pt\/pt\/?s={search_term_string}"},"query-input":{"@type":"PropertyValueSpecification","valueRequired":true,"valueName":"search_term_string"}}],"inLanguage":"pt"}]}},"_links":{"self":[{"href":"https:\/\/loulecriativo.pt\/pt\/wp-json\/wp\/v2\/lc_workshop\/4651","targetHints":{"allow":["GET"]}}],"collection":[{"href":"https:\/\/loulecriativo.pt\/pt\/wp-json\/wp\/v2\/lc_workshop"}],"about":[{"href":"https:\/\/loulecriativo.pt\/pt\/wp-json\/wp\/v2\/types\/lc_workshop"}],"wp:featuredmedia":[{"embeddable":true,"href":"https:\/\/loulecriativo.pt\/pt\/wp-json\/wp\/v2\/media\/5917"}],"wp:attachment":[{"href":"https:\/\/loulecriativo.pt\/pt\/wp-json\/wp\/v2\/media?parent=4651"}],"curies":[{"name":"wp","href":"https:\/\/api.w.org\/{rel}","templated":true}]}}

<p>O esparto é uma planta herbácea que cresce espontaneamente no Barrocal algarvio, sendo utilizado desde tempos imemoriais para produzir cordas, tapetes, alcofas e uma variedade de utensílios utilizados na agricultura e na pesca. No passado desempenhou um importante papel na vida socioeconómica do interior do concelho de Loulé (sobretudo na freguesia de Alte) mas atualmente não possuí grande expressão na região. A Casa do Esparto surge para contrariar esta situação, pretendendo revitalizar esta arte.&nbsp;</p>



<p>Integram o espaço as mestras artesãs Maria José Ramos, Manuela Limas, Aldegundes Gomes e Fernanda Martins e o artesão Isidoro Ramos.</p>



<p>O espaço funciona como local de trabalho e loja, onde é possível conhecer os artesãos, adquirir os seus trabalhos e frequentar cursos e workshops acerca desta fibra vegetal.&nbsp;</p>



<p>Esta é uma iniciativa da Câmara da Câmara Municipal de Loulé, com o apoio da Junta de Freguesia de Alte.</p>



<h3 class="wp-block-heading">Contactos</h3>



<ul class="wp-block-list">
<li><strong>Loulé Criativo</strong> – 289400829 (chamada para a rede fixa nacional) / loulecriativo@cm-loule.pt</li>



<li><strong>Elsa Silva</strong> – 914873515 &#8211; chamada para rede móvel nacional</li>



<li><strong>Carla Ferreirinha</strong> &#8211; 967608039 &#8211; chamada para rede móvel nacional</li>
</ul>



<p></p>

<p>Espaço dedicado à arte de trabalhar o Esparto, onde poderá descobrir o saber-fazer das artesãs que habilmente entrelaçam esta fibra vegetal.</p>

Beco da Escola Primária, Sarnadas, Alte

<!-- This site is optimized with the Yoast SEO Premium plugin v25.9 (Yoast SEO v26.5) - https://yoast.com/wordpress/plugins/seo/ -->
<title>Casa do Esparto - Loulé Criativo</title>
<meta name="robots" content="index, follow, max-snippet:-1, max-image-preview:large, max-video-preview:-1" />
<link rel="canonical" href="https://loulecriativo.pt/pt/rede-de-oficinas/casa-do-esparto/" />
<meta property="og:locale" content="pt_PT" />
<meta property="og:type" content="article" />
<meta property="og:title" content="Casa do Esparto" />
<meta property="og:description" content="Espaço dedicado à arte de trabalhar o Esparto, onde poderá descobrir o saber-fazer das artesãs que habilmente entrelaçam esta fibra vegetal." />
<meta property="og:url" content="https://loulecriativo.pt/pt/rede-de-oficinas/casa-do-esparto/" />
<meta property="og:site_name" content="Loulé Criativo" />
<meta property="article:modified_time" content="2026-03-20T13:17:57+00:00" />
<meta property="og:image" content="https://loulecriativo.pt/wp-content/uploads/2025/08/Loule-Criativo-087-scaled.jpg" />
	<meta property="og:image:width" content="2560" />
	<meta property="og:image:height" content="1707" />
	<meta property="og:image:type" content="image/jpeg" />
<meta name="twitter:card" content="summary_large_image" />
<meta name="twitter:label1" content="Est. reading time" />
	<meta name="twitter:data1" content="2 minutes" />
<script type="application/ld+json" class="yoast-schema-graph">{"@context":"https://schema.org","@graph":[{"@type":"WebPage","@id":"https://loulecriativo.pt/pt/rede-de-oficinas/casa-do-esparto/","url":"https://loulecriativo.pt/pt/rede-de-oficinas/casa-do-esparto/","name":"Casa do Esparto - Loulé Criativo","isPartOf":{"@id":"https://loulecriativo.pt/pt/#website"},"primaryImageOfPage":{"@id":"https://loulecriativo.pt/pt/rede-de-oficinas/casa-do-esparto/#primaryimage"},"image":{"@id":"https://loulecriativo.pt/pt/rede-de-oficinas/casa-do-esparto/#primaryimage"},"thumbnailUrl":"https://loulecriativo.pt/wp-content/uploads/2025/08/Loule-Criativo-087-scaled.jpg","datePublished":"2025-08-06T16:25:53+00:00","dateModified":"2026-03-20T13:17:57+00:00","breadcrumb":{"@id":"https://loulecriativo.pt/pt/rede-de-oficinas/casa-do-esparto/#breadcrumb"},"inLanguage":"pt","potentialAction":[{"@type":"ReadAction","target":["https://loulecriativo.pt/pt/rede-de-oficinas/casa-do-esparto/"]}]},{"@type":"ImageObject","inLanguage":"pt","@id":"https://loulecriativo.pt/pt/rede-de-oficinas/casa-do-esparto/#primaryimage","url":"https://loulecriativo.pt/wp-content/uploads/2025/08/Loule-Criativo-087-scaled.jpg","contentUrl":"https://loulecriativo.pt/wp-content/uploads/2025/08/Loule-Criativo-087-scaled.jpg","width":2560,"height":1707},{"@type":"BreadcrumbList","@id":"https://loulecriativo.pt/pt/rede-de-oficinas/casa-do-esparto/#breadcrumb","itemListElement":[{"@type":"ListItem","position":1,"name":"Home","item":"https://loulecriativo.pt/pt/"},{"@type":"ListItem","position":2,"name":"Casa do Esparto"}]},{"@type":"WebSite","@id":"https://loulecriativo.pt/pt/#website","url":"https://loulecriativo.pt/pt/","name":"Loulé Criativo","description":"","potentialAction":[{"@type":"SearchAction","target":{"@type":"EntryPoint","urlTemplate":"https://loulecriativo.pt/pt/?s={search_term_string}"},"query-input":{"@type":"PropertyValueSpecification","valueRequired":true,"valueName":"search_term_string"}}],"inLanguage":"pt"}]}</script>
<!-- / Yoast SEO Premium plugin. -->

Casa do Esparto - Loulé Criativo

Espaço dedicado à arte de trabalhar o Esparto, onde poderá descobrir o saber-fazer das artesãs que habilmente entrelaçam esta fibra vegetal.

Loulé Criativo
