{"id":786,"date":"2025-05-06T10:26:33","date_gmt":"2025-05-06T10:26:33","guid":{"rendered":"https:\/\/loulecriativo.pt\/pt\/?post_type=lc_workshop&#038;p=786"},"modified":"2026-03-20T13:07:18","modified_gmt":"2026-03-20T13:07:18","slug":"oficina-do-bairro","status":"publish","type":"lc_workshop","link":"https:\/\/loulecriativo.pt\/pt\/rede-de-oficinas\/oficina-do-bairro\/","title":{"rendered":"Oficina do Barro"},"content":{"rendered":"\n<p>A Oficina do Barro localiza-se na Rua Martim Moniz, no centro hist\u00f3rico da cidade de Loul\u00e9, no edif\u00edcio recuperado onde outrora funcionou a centen\u00e1ria olaria de Jos\u00e9 Jo\u00e3o Velhote.<\/p>\n\n\n\n<p>Junto \u00e0 muralha medieval, hoje em dia funcionam duas val\u00eancias que se articulam e complementam. Numa delas, Domingos Gon\u00e7alves \u201cXavier\u201d que ali manteve atividade at\u00e9 o edif\u00edcio entrar em ru\u00edna, voltou a moldar e a demonstrar como se trabalha o barro, assim como a comercializar as suas pe\u00e7as mais t\u00edpicas, as chamin\u00e9s algarvias. Na outra, no \u00e2mbito do projeto Loul\u00e9 Criativo, s\u00e3o acolhidos oleiros e ceramistas em per\u00edodos de incuba\u00e7\u00e3o, permitindo a experimenta\u00e7\u00e3o e o seu lan\u00e7amento e consolida\u00e7\u00e3o na atividade.<\/p>\n\n\n\n<p>A oficina acolhe ainda a\u00e7\u00f5es de capacita\u00e7\u00e3o para profissionais do setor e simultaneamente de aproxima\u00e7\u00e3o \u00e0 atividade para alunos das escolas e outros p\u00fablicos.<\/p>\n","protected":false},"excerpt":{"rendered":"<p>Localiza-se no centro hist\u00f3rico da cidade de Loul\u00e9, no edif\u00edcio recuperado onde outrora funcionou a centen\u00e1ria olaria de Jos\u00e9 Jo\u00e3o Velhote.<\/p>\n","protected":false},"featured_media":5909,"template":"","meta":{"_acf_changed":false,"name":"Rua Martim Moniz, n.\u00ba 43 e 45, 8100-606 Loul\u00e9"},"class_list":["post-786","lc_workshop","type-lc_workshop","status-publish","has-post-thumbnail","hentry"],"acf":[],"yoast_head":"<!-- This site is optimized with the Yoast SEO Premium plugin v25.9 (Yoast SEO v26.5) - https:\/\/yoast.com\/wordpress\/plugins\/seo\/ -->\n<title>Oficina do Barro - Loul\u00e9 Criativo<\/title>\n<meta name=\"robots\" content=\"index, follow, max-snippet:-1, max-image-preview:large, max-video-preview:-1\" \/>\n<link rel=\"canonical\" href=\"https:\/\/loulecriativo.pt\/pt\/rede-de-oficinas\/oficina-do-bairro\/\" \/>\n<meta property=\"og:locale\" content=\"pt_PT\" \/>\n<meta property=\"og:type\" content=\"article\" \/>\n<meta property=\"og:title\" content=\"Oficina do Barro\" \/>\n<meta property=\"og:description\" content=\"Localiza-se no centro hist\u00f3rico da cidade de Loul\u00e9, no edif\u00edcio recuperado onde outrora funcionou a centen\u00e1ria olaria de Jos\u00e9 Jo\u00e3o Velhote.\" \/>\n<meta property=\"og:url\" content=\"https:\/\/loulecriativo.pt\/pt\/rede-de-oficinas\/oficina-do-bairro\/\" \/>\n<meta property=\"og:site_name\" content=\"Loul\u00e9 Criativo\" \/>\n<meta property=\"article:modified_time\" content=\"2026-03-20T13:07:18+00:00\" \/>\n<meta property=\"og:image\" content=\"https:\/\/loulecriativo.pt\/wp-content\/uploads\/2025\/05\/Loule-Criativo-003-scaled.jpg\" \/>\n\t<meta property=\"og:image:width\" content=\"2560\" \/>\n\t<meta property=\"og:image:height\" content=\"1707\" \/>\n\t<meta property=\"og:image:type\" content=\"image\/jpeg\" \/>\n<meta name=\"twitter:card\" content=\"summary_large_image\" \/>\n<meta name=\"twitter:label1\" content=\"Est. reading time\" \/>\n\t<meta name=\"twitter:data1\" content=\"1 minute\" \/>\n<script type=\"application\/ld+json\" class=\"yoast-schema-graph\">{\"@context\":\"https:\/\/schema.org\",\"@graph\":[{\"@type\":\"WebPage\",\"@id\":\"https:\/\/loulecriativo.pt\/pt\/rede-de-oficinas\/oficina-do-bairro\/\",\"url\":\"https:\/\/loulecriativo.pt\/pt\/rede-de-oficinas\/oficina-do-bairro\/\",\"name\":\"Oficina do Barro - Loul\u00e9 Criativo\",\"isPartOf\":{\"@id\":\"https:\/\/loulecriativo.pt\/pt\/#website\"},\"primaryImageOfPage\":{\"@id\":\"https:\/\/loulecriativo.pt\/pt\/rede-de-oficinas\/oficina-do-bairro\/#primaryimage\"},\"image\":{\"@id\":\"https:\/\/loulecriativo.pt\/pt\/rede-de-oficinas\/oficina-do-bairro\/#primaryimage\"},\"thumbnailUrl\":\"https:\/\/loulecriativo.pt\/wp-content\/uploads\/2025\/05\/Loule-Criativo-003-scaled.jpg\",\"datePublished\":\"2025-05-06T10:26:33+00:00\",\"dateModified\":\"2026-03-20T13:07:18+00:00\",\"breadcrumb\":{\"@id\":\"https:\/\/loulecriativo.pt\/pt\/rede-de-oficinas\/oficina-do-bairro\/#breadcrumb\"},\"inLanguage\":\"pt\",\"potentialAction\":[{\"@type\":\"ReadAction\",\"target\":[\"https:\/\/loulecriativo.pt\/pt\/rede-de-oficinas\/oficina-do-bairro\/\"]}]},{\"@type\":\"ImageObject\",\"inLanguage\":\"pt\",\"@id\":\"https:\/\/loulecriativo.pt\/pt\/rede-de-oficinas\/oficina-do-bairro\/#primaryimage\",\"url\":\"https:\/\/loulecriativo.pt\/wp-content\/uploads\/2025\/05\/Loule-Criativo-003-scaled.jpg\",\"contentUrl\":\"https:\/\/loulecriativo.pt\/wp-content\/uploads\/2025\/05\/Loule-Criativo-003-scaled.jpg\",\"width\":2560,\"height\":1707},{\"@type\":\"BreadcrumbList\",\"@id\":\"https:\/\/loulecriativo.pt\/pt\/rede-de-oficinas\/oficina-do-bairro\/#breadcrumb\",\"itemListElement\":[{\"@type\":\"ListItem\",\"position\":1,\"name\":\"Home\",\"item\":\"https:\/\/loulecriativo.pt\/pt\/\"},{\"@type\":\"ListItem\",\"position\":2,\"name\":\"Oficina do Barro\"}]},{\"@type\":\"WebSite\",\"@id\":\"https:\/\/loulecriativo.pt\/pt\/#website\",\"url\":\"https:\/\/loulecriativo.pt\/pt\/\",\"name\":\"Loul\u00e9 Criativo\",\"description\":\"\",\"potentialAction\":[{\"@type\":\"SearchAction\",\"target\":{\"@type\":\"EntryPoint\",\"urlTemplate\":\"https:\/\/loulecriativo.pt\/pt\/?s={search_term_string}\"},\"query-input\":{\"@type\":\"PropertyValueSpecification\",\"valueRequired\":true,\"valueName\":\"search_term_string\"}}],\"inLanguage\":\"pt\"}]}<\/script>\n<!-- \/ Yoast SEO Premium plugin. -->","yoast_head_json":{"title":"Oficina do Barro - Loul\u00e9 Criativo","robots":{"index":"index","follow":"follow","max-snippet":"max-snippet:-1","max-image-preview":"max-image-preview:large","max-video-preview":"max-video-preview:-1"},"canonical":"https:\/\/loulecriativo.pt\/pt\/rede-de-oficinas\/oficina-do-bairro\/","og_locale":"pt_PT","og_type":"article","og_title":"Oficina do Barro","og_description":"Localiza-se no centro hist\u00f3rico da cidade de Loul\u00e9, no edif\u00edcio recuperado onde outrora funcionou a centen\u00e1ria olaria de Jos\u00e9 Jo\u00e3o Velhote.","og_url":"https:\/\/loulecriativo.pt\/pt\/rede-de-oficinas\/oficina-do-bairro\/","og_site_name":"Loul\u00e9 Criativo","article_modified_time":"2026-03-20T13:07:18+00:00","og_image":[{"width":2560,"height":1707,"url":"https:\/\/loulecriativo.pt\/wp-content\/uploads\/2025\/05\/Loule-Criativo-003-scaled.jpg","type":"image\/jpeg"}],"twitter_card":"summary_large_image","twitter_misc":{"Est. reading time":"1 minute"},"schema":{"@context":"https:\/\/schema.org","@graph":[{"@type":"WebPage","@id":"https:\/\/loulecriativo.pt\/pt\/rede-de-oficinas\/oficina-do-bairro\/","url":"https:\/\/loulecriativo.pt\/pt\/rede-de-oficinas\/oficina-do-bairro\/","name":"Oficina do Barro - Loul\u00e9 Criativo","isPartOf":{"@id":"https:\/\/loulecriativo.pt\/pt\/#website"},"primaryImageOfPage":{"@id":"https:\/\/loulecriativo.pt\/pt\/rede-de-oficinas\/oficina-do-bairro\/#primaryimage"},"image":{"@id":"https:\/\/loulecriativo.pt\/pt\/rede-de-oficinas\/oficina-do-bairro\/#primaryimage"},"thumbnailUrl":"https:\/\/loulecriativo.pt\/wp-content\/uploads\/2025\/05\/Loule-Criativo-003-scaled.jpg","datePublished":"2025-05-06T10:26:33+00:00","dateModified":"2026-03-20T13:07:18+00:00","breadcrumb":{"@id":"https:\/\/loulecriativo.pt\/pt\/rede-de-oficinas\/oficina-do-bairro\/#breadcrumb"},"inLanguage":"pt","potentialAction":[{"@type":"ReadAction","target":["https:\/\/loulecriativo.pt\/pt\/rede-de-oficinas\/oficina-do-bairro\/"]}]},{"@type":"ImageObject","inLanguage":"pt","@id":"https:\/\/loulecriativo.pt\/pt\/rede-de-oficinas\/oficina-do-bairro\/#primaryimage","url":"https:\/\/loulecriativo.pt\/wp-content\/uploads\/2025\/05\/Loule-Criativo-003-scaled.jpg","contentUrl":"https:\/\/loulecriativo.pt\/wp-content\/uploads\/2025\/05\/Loule-Criativo-003-scaled.jpg","width":2560,"height":1707},{"@type":"BreadcrumbList","@id":"https:\/\/loulecriativo.pt\/pt\/rede-de-oficinas\/oficina-do-bairro\/#breadcrumb","itemListElement":[{"@type":"ListItem","position":1,"name":"Home","item":"https:\/\/loulecriativo.pt\/pt\/"},{"@type":"ListItem","position":2,"name":"Oficina do Barro"}]},{"@type":"WebSite","@id":"https:\/\/loulecriativo.pt\/pt\/#website","url":"https:\/\/loulecriativo.pt\/pt\/","name":"Loul\u00e9 Criativo","description":"","potentialAction":[{"@type":"SearchAction","target":{"@type":"EntryPoint","urlTemplate":"https:\/\/loulecriativo.pt\/pt\/?s={search_term_string}"},"query-input":{"@type":"PropertyValueSpecification","valueRequired":true,"valueName":"search_term_string"}}],"inLanguage":"pt"}]}},"_links":{"self":[{"href":"https:\/\/loulecriativo.pt\/pt\/wp-json\/wp\/v2\/lc_workshop\/786","targetHints":{"allow":["GET"]}}],"collection":[{"href":"https:\/\/loulecriativo.pt\/pt\/wp-json\/wp\/v2\/lc_workshop"}],"about":[{"href":"https:\/\/loulecriativo.pt\/pt\/wp-json\/wp\/v2\/types\/lc_workshop"}],"wp:featuredmedia":[{"embeddable":true,"href":"https:\/\/loulecriativo.pt\/pt\/wp-json\/wp\/v2\/media\/5909"}],"wp:attachment":[{"href":"https:\/\/loulecriativo.pt\/pt\/wp-json\/wp\/v2\/media?parent=786"}],"curies":[{"name":"wp","href":"https:\/\/api.w.org\/{rel}","templated":true}]}}

<p>A Oficina do Barro localiza-se na Rua Martim Moniz, no centro histórico da cidade de Loulé, no edifício recuperado onde outrora funcionou a centenária olaria de José João Velhote.</p>



<p>Junto à muralha medieval, hoje em dia funcionam duas valências que se articulam e complementam. Numa delas, Domingos Gonçalves “Xavier” que ali manteve atividade até o edifício entrar em ruína, voltou a moldar e a demonstrar como se trabalha o barro, assim como a comercializar as suas peças mais típicas, as chaminés algarvias. Na outra, no âmbito do projeto Loulé Criativo, são acolhidos oleiros e ceramistas em períodos de incubação, permitindo a experimentação e o seu lançamento e consolidação na atividade.</p>



<p>A oficina acolhe ainda ações de capacitação para profissionais do setor e simultaneamente de aproximação à atividade para alunos das escolas e outros públicos.</p>

<p>Localiza-se no centro histórico da cidade de Loulé, no edifício recuperado onde outrora funcionou a centenária olaria de José João Velhote.</p>

Rua Martim Moniz, n.º 43 e 45, 8100-606 Loulé

<!-- This site is optimized with the Yoast SEO Premium plugin v25.9 (Yoast SEO v26.5) - https://yoast.com/wordpress/plugins/seo/ -->
<title>Oficina do Barro - Loulé Criativo</title>
<meta name="robots" content="index, follow, max-snippet:-1, max-image-preview:large, max-video-preview:-1" />
<link rel="canonical" href="https://loulecriativo.pt/pt/rede-de-oficinas/oficina-do-bairro/" />
<meta property="og:locale" content="pt_PT" />
<meta property="og:type" content="article" />
<meta property="og:title" content="Oficina do Barro" />
<meta property="og:description" content="Localiza-se no centro histórico da cidade de Loulé, no edifício recuperado onde outrora funcionou a centenária olaria de José João Velhote." />
<meta property="og:url" content="https://loulecriativo.pt/pt/rede-de-oficinas/oficina-do-bairro/" />
<meta property="og:site_name" content="Loulé Criativo" />
<meta property="article:modified_time" content="2026-03-20T13:07:18+00:00" />
<meta property="og:image" content="https://loulecriativo.pt/wp-content/uploads/2025/05/Loule-Criativo-003-scaled.jpg" />
	<meta property="og:image:width" content="2560" />
	<meta property="og:image:height" content="1707" />
	<meta property="og:image:type" content="image/jpeg" />
<meta name="twitter:card" content="summary_large_image" />
<meta name="twitter:label1" content="Est. reading time" />
	<meta name="twitter:data1" content="1 minute" />
<script type="application/ld+json" class="yoast-schema-graph">{"@context":"https://schema.org","@graph":[{"@type":"WebPage","@id":"https://loulecriativo.pt/pt/rede-de-oficinas/oficina-do-bairro/","url":"https://loulecriativo.pt/pt/rede-de-oficinas/oficina-do-bairro/","name":"Oficina do Barro - Loulé Criativo","isPartOf":{"@id":"https://loulecriativo.pt/pt/#website"},"primaryImageOfPage":{"@id":"https://loulecriativo.pt/pt/rede-de-oficinas/oficina-do-bairro/#primaryimage"},"image":{"@id":"https://loulecriativo.pt/pt/rede-de-oficinas/oficina-do-bairro/#primaryimage"},"thumbnailUrl":"https://loulecriativo.pt/wp-content/uploads/2025/05/Loule-Criativo-003-scaled.jpg","datePublished":"2025-05-06T10:26:33+00:00","dateModified":"2026-03-20T13:07:18+00:00","breadcrumb":{"@id":"https://loulecriativo.pt/pt/rede-de-oficinas/oficina-do-bairro/#breadcrumb"},"inLanguage":"pt","potentialAction":[{"@type":"ReadAction","target":["https://loulecriativo.pt/pt/rede-de-oficinas/oficina-do-bairro/"]}]},{"@type":"ImageObject","inLanguage":"pt","@id":"https://loulecriativo.pt/pt/rede-de-oficinas/oficina-do-bairro/#primaryimage","url":"https://loulecriativo.pt/wp-content/uploads/2025/05/Loule-Criativo-003-scaled.jpg","contentUrl":"https://loulecriativo.pt/wp-content/uploads/2025/05/Loule-Criativo-003-scaled.jpg","width":2560,"height":1707},{"@type":"BreadcrumbList","@id":"https://loulecriativo.pt/pt/rede-de-oficinas/oficina-do-bairro/#breadcrumb","itemListElement":[{"@type":"ListItem","position":1,"name":"Home","item":"https://loulecriativo.pt/pt/"},{"@type":"ListItem","position":2,"name":"Oficina do Barro"}]},{"@type":"WebSite","@id":"https://loulecriativo.pt/pt/#website","url":"https://loulecriativo.pt/pt/","name":"Loulé Criativo","description":"","potentialAction":[{"@type":"SearchAction","target":{"@type":"EntryPoint","urlTemplate":"https://loulecriativo.pt/pt/?s={search_term_string}"},"query-input":{"@type":"PropertyValueSpecification","valueRequired":true,"valueName":"search_term_string"}}],"inLanguage":"pt"}]}</script>
<!-- / Yoast SEO Premium plugin. -->

Oficina do Barro - Loulé Criativo

Localiza-se no centro histórico da cidade de Loulé, no edifício recuperado onde outrora funcionou a centenária olaria de José João Velhote.

Loulé Criativo
