{"id":831,"date":"2025-05-07T17:33:24","date_gmt":"2025-05-07T17:33:24","guid":{"rendered":"https:\/\/loulecriativo.pt\/?post_type=lc_workshop&#038;p=831"},"modified":"2026-04-22T12:06:30","modified_gmt":"2026-04-22T12:06:30","slug":"casa-da-empreita","status":"publish","type":"lc_workshop","link":"https:\/\/loulecriativo.pt\/pt\/rede-de-oficinas\/casa-da-empreita\/","title":{"rendered":"Casa da Empreita"},"content":{"rendered":"\n<p>Loul\u00e9 \u00e9 por tradi\u00e7\u00e3o terra de empreiteiras, mulheres que entrela\u00e7am as folhas de palma (provenientes da palmeira an\u00e3 abundante na regi\u00e3o), numa tran\u00e7a mais ou menos complexa e com a qual criam variad\u00edssimas pe\u00e7as utilit\u00e1rias e decorativas.<\/p>\n\n\n\n<p>A origem desta arte perde-se no tempo, mas sabe-se que no Algarve quinhentista a empreita era j\u00e1 uma ind\u00fastria pr\u00f3spera, muito por conta do crescimento da fruticultura na regi\u00e3o e da import\u00e2ncia que a cestaria atingiu na colheita, secagem e transporte de am\u00eandoas, alfarrobas, figos, uvas, laranjas, etc.<\/p>\n\n\n\n<p>Eram muitas as mulheres que, no passado, se dedicavam a esta atividade e raras as casas onde a t\u00e9cnica era desconhecida. Atualmente j\u00e1 n\u00e3o \u00e9 assim e esta extraordin\u00e1ria arte est\u00e1 a desaparecer. Para contrariar essa situa\u00e7\u00e3o surge, em 2017, a Casa da Empreita.<\/p>\n\n\n\n<p>Propriedade do Munic\u00edpio, a \u201cCasa da Empreita\u201d reedita em moldes atuais, o que h\u00e1 cerca de um s\u00e9culo eram as casas da empreita que existiam por todo o Algarve, destacando-se a de Loul\u00e9 pela sua import\u00e2ncia.<\/p>\n\n\n\n<p>A Casa da Empreita, localizada em pleno centro hist\u00f3rico da cidade, \u00e9 constitu\u00edda por um coletivo de artes\u00e3s que a\u00ed entrela\u00e7am a palma, cosem e ligam cada um dos seus ramais, com recurso a t\u00e9cnicas ancestrais, para produzir pe\u00e7as variadas que s\u00e3o a del\u00edcia dos visitantes. Das alcofas aos tapetes, das capacheiras aos candeeiros, aqui \u00e9 poss\u00edvel encontrar desde pe\u00e7as tradicionais a pe\u00e7as completamente inovadoras, onde o limite \u00e9 a imagina\u00e7\u00e3o.<\/p>\n\n\n\n<p>O espa\u00e7o disponibiliza ainda workshops de empreita e malha de palma, bem como cursos mais aprofundados acerca do of\u00edcio.<\/p>\n","protected":false},"excerpt":{"rendered":"<p>Localizada em pleno centro hist\u00f3rico da cidade, \u00e9 constitu\u00edda por um coletivo de artes\u00e3s que a\u00ed entrela\u00e7am a palma&#8230;<\/p>\n","protected":false},"featured_media":5900,"template":"","meta":{"_acf_changed":false,"name":"Rua Vice-Almirante C\u00e2ndido dos Reis, n.\u00ba 20, 8100-641 Loul\u00e9"},"class_list":["post-831","lc_workshop","type-lc_workshop","status-publish","has-post-thumbnail","hentry"],"acf":[],"yoast_head":"<!-- This site is optimized with the Yoast SEO Premium plugin v25.9 (Yoast SEO v26.5) - https:\/\/yoast.com\/wordpress\/plugins\/seo\/ -->\n<title>Casa da Empreita - Loul\u00e9 Criativo<\/title>\n<meta name=\"robots\" content=\"index, follow, max-snippet:-1, max-image-preview:large, max-video-preview:-1\" \/>\n<link rel=\"canonical\" href=\"https:\/\/loulecriativo.pt\/pt\/rede-de-oficinas\/casa-da-empreita\/\" \/>\n<meta property=\"og:locale\" content=\"pt_PT\" \/>\n<meta property=\"og:type\" content=\"article\" \/>\n<meta property=\"og:title\" content=\"Casa da Empreita\" \/>\n<meta property=\"og:description\" content=\"Localizada em pleno centro hist\u00f3rico da cidade, \u00e9 constitu\u00edda por um coletivo de artes\u00e3s que a\u00ed entrela\u00e7am a palma...\" \/>\n<meta property=\"og:url\" content=\"https:\/\/loulecriativo.pt\/pt\/rede-de-oficinas\/casa-da-empreita\/\" \/>\n<meta property=\"og:site_name\" content=\"Loul\u00e9 Criativo\" \/>\n<meta property=\"article:modified_time\" content=\"2026-04-22T12:06:30+00:00\" \/>\n<meta property=\"og:image\" content=\"https:\/\/loulecriativo.pt\/wp-content\/uploads\/2025\/05\/Loule-Criativo-CTP\u00ae-18-10-2019-38-scaled.jpg\" \/>\n\t<meta property=\"og:image:width\" content=\"2560\" \/>\n\t<meta property=\"og:image:height\" content=\"1707\" \/>\n\t<meta property=\"og:image:type\" content=\"image\/jpeg\" \/>\n<meta name=\"twitter:card\" content=\"summary_large_image\" \/>\n<meta name=\"twitter:label1\" content=\"Est. reading time\" \/>\n\t<meta name=\"twitter:data1\" content=\"2 minutes\" \/>\n<script type=\"application\/ld+json\" class=\"yoast-schema-graph\">{\"@context\":\"https:\/\/schema.org\",\"@graph\":[{\"@type\":\"WebPage\",\"@id\":\"https:\/\/loulecriativo.pt\/pt\/rede-de-oficinas\/casa-da-empreita\/\",\"url\":\"https:\/\/loulecriativo.pt\/pt\/rede-de-oficinas\/casa-da-empreita\/\",\"name\":\"Casa da Empreita - Loul\u00e9 Criativo\",\"isPartOf\":{\"@id\":\"https:\/\/loulecriativo.pt\/pt\/#website\"},\"primaryImageOfPage\":{\"@id\":\"https:\/\/loulecriativo.pt\/pt\/rede-de-oficinas\/casa-da-empreita\/#primaryimage\"},\"image\":{\"@id\":\"https:\/\/loulecriativo.pt\/pt\/rede-de-oficinas\/casa-da-empreita\/#primaryimage\"},\"thumbnailUrl\":\"https:\/\/loulecriativo.pt\/wp-content\/uploads\/2025\/05\/Loule-Criativo-CTP\u00ae-18-10-2019-38-scaled.jpg\",\"datePublished\":\"2025-05-07T17:33:24+00:00\",\"dateModified\":\"2026-04-22T12:06:30+00:00\",\"breadcrumb\":{\"@id\":\"https:\/\/loulecriativo.pt\/pt\/rede-de-oficinas\/casa-da-empreita\/#breadcrumb\"},\"inLanguage\":\"pt\",\"potentialAction\":[{\"@type\":\"ReadAction\",\"target\":[\"https:\/\/loulecriativo.pt\/pt\/rede-de-oficinas\/casa-da-empreita\/\"]}]},{\"@type\":\"ImageObject\",\"inLanguage\":\"pt\",\"@id\":\"https:\/\/loulecriativo.pt\/pt\/rede-de-oficinas\/casa-da-empreita\/#primaryimage\",\"url\":\"https:\/\/loulecriativo.pt\/wp-content\/uploads\/2025\/05\/Loule-Criativo-CTP\u00ae-18-10-2019-38-scaled.jpg\",\"contentUrl\":\"https:\/\/loulecriativo.pt\/wp-content\/uploads\/2025\/05\/Loule-Criativo-CTP\u00ae-18-10-2019-38-scaled.jpg\",\"width\":2560,\"height\":1707},{\"@type\":\"BreadcrumbList\",\"@id\":\"https:\/\/loulecriativo.pt\/pt\/rede-de-oficinas\/casa-da-empreita\/#breadcrumb\",\"itemListElement\":[{\"@type\":\"ListItem\",\"position\":1,\"name\":\"Home\",\"item\":\"https:\/\/loulecriativo.pt\/pt\/\"},{\"@type\":\"ListItem\",\"position\":2,\"name\":\"Casa da Empreita\"}]},{\"@type\":\"WebSite\",\"@id\":\"https:\/\/loulecriativo.pt\/pt\/#website\",\"url\":\"https:\/\/loulecriativo.pt\/pt\/\",\"name\":\"Loul\u00e9 Criativo\",\"description\":\"\",\"potentialAction\":[{\"@type\":\"SearchAction\",\"target\":{\"@type\":\"EntryPoint\",\"urlTemplate\":\"https:\/\/loulecriativo.pt\/pt\/?s={search_term_string}\"},\"query-input\":{\"@type\":\"PropertyValueSpecification\",\"valueRequired\":true,\"valueName\":\"search_term_string\"}}],\"inLanguage\":\"pt\"}]}<\/script>\n<!-- \/ Yoast SEO Premium plugin. -->","yoast_head_json":{"title":"Casa da Empreita - Loul\u00e9 Criativo","robots":{"index":"index","follow":"follow","max-snippet":"max-snippet:-1","max-image-preview":"max-image-preview:large","max-video-preview":"max-video-preview:-1"},"canonical":"https:\/\/loulecriativo.pt\/pt\/rede-de-oficinas\/casa-da-empreita\/","og_locale":"pt_PT","og_type":"article","og_title":"Casa da Empreita","og_description":"Localizada em pleno centro hist\u00f3rico da cidade, \u00e9 constitu\u00edda por um coletivo de artes\u00e3s que a\u00ed entrela\u00e7am a palma...","og_url":"https:\/\/loulecriativo.pt\/pt\/rede-de-oficinas\/casa-da-empreita\/","og_site_name":"Loul\u00e9 Criativo","article_modified_time":"2026-04-22T12:06:30+00:00","og_image":[{"width":2560,"height":1707,"url":"https:\/\/loulecriativo.pt\/wp-content\/uploads\/2025\/05\/Loule-Criativo-CTP\u00ae-18-10-2019-38-scaled.jpg","type":"image\/jpeg"}],"twitter_card":"summary_large_image","twitter_misc":{"Est. reading time":"2 minutes"},"schema":{"@context":"https:\/\/schema.org","@graph":[{"@type":"WebPage","@id":"https:\/\/loulecriativo.pt\/pt\/rede-de-oficinas\/casa-da-empreita\/","url":"https:\/\/loulecriativo.pt\/pt\/rede-de-oficinas\/casa-da-empreita\/","name":"Casa da Empreita - Loul\u00e9 Criativo","isPartOf":{"@id":"https:\/\/loulecriativo.pt\/pt\/#website"},"primaryImageOfPage":{"@id":"https:\/\/loulecriativo.pt\/pt\/rede-de-oficinas\/casa-da-empreita\/#primaryimage"},"image":{"@id":"https:\/\/loulecriativo.pt\/pt\/rede-de-oficinas\/casa-da-empreita\/#primaryimage"},"thumbnailUrl":"https:\/\/loulecriativo.pt\/wp-content\/uploads\/2025\/05\/Loule-Criativo-CTP\u00ae-18-10-2019-38-scaled.jpg","datePublished":"2025-05-07T17:33:24+00:00","dateModified":"2026-04-22T12:06:30+00:00","breadcrumb":{"@id":"https:\/\/loulecriativo.pt\/pt\/rede-de-oficinas\/casa-da-empreita\/#breadcrumb"},"inLanguage":"pt","potentialAction":[{"@type":"ReadAction","target":["https:\/\/loulecriativo.pt\/pt\/rede-de-oficinas\/casa-da-empreita\/"]}]},{"@type":"ImageObject","inLanguage":"pt","@id":"https:\/\/loulecriativo.pt\/pt\/rede-de-oficinas\/casa-da-empreita\/#primaryimage","url":"https:\/\/loulecriativo.pt\/wp-content\/uploads\/2025\/05\/Loule-Criativo-CTP\u00ae-18-10-2019-38-scaled.jpg","contentUrl":"https:\/\/loulecriativo.pt\/wp-content\/uploads\/2025\/05\/Loule-Criativo-CTP\u00ae-18-10-2019-38-scaled.jpg","width":2560,"height":1707},{"@type":"BreadcrumbList","@id":"https:\/\/loulecriativo.pt\/pt\/rede-de-oficinas\/casa-da-empreita\/#breadcrumb","itemListElement":[{"@type":"ListItem","position":1,"name":"Home","item":"https:\/\/loulecriativo.pt\/pt\/"},{"@type":"ListItem","position":2,"name":"Casa da Empreita"}]},{"@type":"WebSite","@id":"https:\/\/loulecriativo.pt\/pt\/#website","url":"https:\/\/loulecriativo.pt\/pt\/","name":"Loul\u00e9 Criativo","description":"","potentialAction":[{"@type":"SearchAction","target":{"@type":"EntryPoint","urlTemplate":"https:\/\/loulecriativo.pt\/pt\/?s={search_term_string}"},"query-input":{"@type":"PropertyValueSpecification","valueRequired":true,"valueName":"search_term_string"}}],"inLanguage":"pt"}]}},"_links":{"self":[{"href":"https:\/\/loulecriativo.pt\/pt\/wp-json\/wp\/v2\/lc_workshop\/831","targetHints":{"allow":["GET"]}}],"collection":[{"href":"https:\/\/loulecriativo.pt\/pt\/wp-json\/wp\/v2\/lc_workshop"}],"about":[{"href":"https:\/\/loulecriativo.pt\/pt\/wp-json\/wp\/v2\/types\/lc_workshop"}],"wp:featuredmedia":[{"embeddable":true,"href":"https:\/\/loulecriativo.pt\/pt\/wp-json\/wp\/v2\/media\/5900"}],"wp:attachment":[{"href":"https:\/\/loulecriativo.pt\/pt\/wp-json\/wp\/v2\/media?parent=831"}],"curies":[{"name":"wp","href":"https:\/\/api.w.org\/{rel}","templated":true}]}}

<p>Loulé é por tradição terra de empreiteiras, mulheres que entrelaçam as folhas de palma (provenientes da palmeira anã abundante na região), numa trança mais ou menos complexa e com a qual criam variadíssimas peças utilitárias e decorativas.</p>



<p>A origem desta arte perde-se no tempo, mas sabe-se que no Algarve quinhentista a empreita era já uma indústria próspera, muito por conta do crescimento da fruticultura na região e da importância que a cestaria atingiu na colheita, secagem e transporte de amêndoas, alfarrobas, figos, uvas, laranjas, etc.</p>



<p>Eram muitas as mulheres que, no passado, se dedicavam a esta atividade e raras as casas onde a técnica era desconhecida. Atualmente já não é assim e esta extraordinária arte está a desaparecer. Para contrariar essa situação surge, em 2017, a Casa da Empreita.</p>



<p>Propriedade do Município, a “Casa da Empreita” reedita em moldes atuais, o que há cerca de um século eram as casas da empreita que existiam por todo o Algarve, destacando-se a de Loulé pela sua importância.</p>



<p>A Casa da Empreita, localizada em pleno centro histórico da cidade, é constituída por um coletivo de artesãs que aí entrelaçam a palma, cosem e ligam cada um dos seus ramais, com recurso a técnicas ancestrais, para produzir peças variadas que são a delícia dos visitantes. Das alcofas aos tapetes, das capacheiras aos candeeiros, aqui é possível encontrar desde peças tradicionais a peças completamente inovadoras, onde o limite é a imaginação.</p>



<p>O espaço disponibiliza ainda workshops de empreita e malha de palma, bem como cursos mais aprofundados acerca do ofício.</p>

<p>Localizada em pleno centro histórico da cidade, é constituída por um coletivo de artesãs que aí entrelaçam a palma&#8230;</p>

Rua Vice-Almirante Cândido dos Reis, n.º 20, 8100-641 Loulé

<!-- This site is optimized with the Yoast SEO Premium plugin v25.9 (Yoast SEO v26.5) - https://yoast.com/wordpress/plugins/seo/ -->
<title>Casa da Empreita - Loulé Criativo</title>
<meta name="robots" content="index, follow, max-snippet:-1, max-image-preview:large, max-video-preview:-1" />
<link rel="canonical" href="https://loulecriativo.pt/pt/rede-de-oficinas/casa-da-empreita/" />
<meta property="og:locale" content="pt_PT" />
<meta property="og:type" content="article" />
<meta property="og:title" content="Casa da Empreita" />
<meta property="og:description" content="Localizada em pleno centro histórico da cidade, é constituída por um coletivo de artesãs que aí entrelaçam a palma..." />
<meta property="og:url" content="https://loulecriativo.pt/pt/rede-de-oficinas/casa-da-empreita/" />
<meta property="og:site_name" content="Loulé Criativo" />
<meta property="article:modified_time" content="2026-04-22T12:06:30+00:00" />
<meta property="og:image" content="https://loulecriativo.pt/wp-content/uploads/2025/05/Loule-Criativo-CTP®-18-10-2019-38-scaled.jpg" />
	<meta property="og:image:width" content="2560" />
	<meta property="og:image:height" content="1707" />
	<meta property="og:image:type" content="image/jpeg" />
<meta name="twitter:card" content="summary_large_image" />
<meta name="twitter:label1" content="Est. reading time" />
	<meta name="twitter:data1" content="2 minutes" />
<script type="application/ld+json" class="yoast-schema-graph">{"@context":"https://schema.org","@graph":[{"@type":"WebPage","@id":"https://loulecriativo.pt/pt/rede-de-oficinas/casa-da-empreita/","url":"https://loulecriativo.pt/pt/rede-de-oficinas/casa-da-empreita/","name":"Casa da Empreita - Loulé Criativo","isPartOf":{"@id":"https://loulecriativo.pt/pt/#website"},"primaryImageOfPage":{"@id":"https://loulecriativo.pt/pt/rede-de-oficinas/casa-da-empreita/#primaryimage"},"image":{"@id":"https://loulecriativo.pt/pt/rede-de-oficinas/casa-da-empreita/#primaryimage"},"thumbnailUrl":"https://loulecriativo.pt/wp-content/uploads/2025/05/Loule-Criativo-CTP®-18-10-2019-38-scaled.jpg","datePublished":"2025-05-07T17:33:24+00:00","dateModified":"2026-04-22T12:06:30+00:00","breadcrumb":{"@id":"https://loulecriativo.pt/pt/rede-de-oficinas/casa-da-empreita/#breadcrumb"},"inLanguage":"pt","potentialAction":[{"@type":"ReadAction","target":["https://loulecriativo.pt/pt/rede-de-oficinas/casa-da-empreita/"]}]},{"@type":"ImageObject","inLanguage":"pt","@id":"https://loulecriativo.pt/pt/rede-de-oficinas/casa-da-empreita/#primaryimage","url":"https://loulecriativo.pt/wp-content/uploads/2025/05/Loule-Criativo-CTP®-18-10-2019-38-scaled.jpg","contentUrl":"https://loulecriativo.pt/wp-content/uploads/2025/05/Loule-Criativo-CTP®-18-10-2019-38-scaled.jpg","width":2560,"height":1707},{"@type":"BreadcrumbList","@id":"https://loulecriativo.pt/pt/rede-de-oficinas/casa-da-empreita/#breadcrumb","itemListElement":[{"@type":"ListItem","position":1,"name":"Home","item":"https://loulecriativo.pt/pt/"},{"@type":"ListItem","position":2,"name":"Casa da Empreita"}]},{"@type":"WebSite","@id":"https://loulecriativo.pt/pt/#website","url":"https://loulecriativo.pt/pt/","name":"Loulé Criativo","description":"","potentialAction":[{"@type":"SearchAction","target":{"@type":"EntryPoint","urlTemplate":"https://loulecriativo.pt/pt/?s={search_term_string}"},"query-input":{"@type":"PropertyValueSpecification","valueRequired":true,"valueName":"search_term_string"}}],"inLanguage":"pt"}]}</script>
<!-- / Yoast SEO Premium plugin. -->

Casa da Empreita - Loulé Criativo

Localizada em pleno centro histórico da cidade, é constituída por um coletivo de artesãs que aí entrelaçam a palma...

Loulé Criativo
